Last updated on 2023-02-09 13:00:15 CET.
Flavor | Version | Tinstall | Tcheck | Ttotal | Status | Flags |
---|---|---|---|---|---|---|
r-devel-linux-x86_64-debian-clang | 1.0.1 | 44.09 | 276.37 | 320.46 | NOTE | |
r-devel-linux-x86_64-debian-gcc | 1.0.1 | 32.28 | 212.95 | 245.23 | NOTE | |
r-devel-linux-x86_64-fedora-clang | 1.0.1 | 291.53 | NOTE | |||
r-devel-linux-x86_64-fedora-gcc | 1.0.1 | 287.35 | NOTE | |||
r-devel-windows-x86_64 | 1.0.1 | 48.00 | 176.00 | 224.00 | NOTE | |
r-patched-linux-x86_64 | 1.0.1 | 39.55 | 252.40 | 291.95 | OK | |
r-release-linux-x86_64 | 1.0.1 | 39.27 | 261.22 | 300.49 | OK | |
r-release-macos-arm64 | 1.0.1 | 61.00 | OK | |||
r-release-macos-x86_64 | 1.0.1 | 71.00 | OK | |||
r-release-windows-x86_64 | 1.0.1 | 49.00 | 185.00 | 234.00 | OK | |
r-oldrel-macos-arm64 | 1.0.1 | 58.00 | OK | |||
r-oldrel-macos-x86_64 | 1.0.1 | 80.00 | OK | |||
r-oldrel-windows-ix86+x86_64 | 1.0.1 | 104.00 | 275.00 | 379.00 | OK |
Version: 1.0.1
Check: C++ specification
Result: NOTE
Specified C++11: please update to current default of C++17
Flavor: r-devel-linux-x86_64-debian-clang
Version: 1.0.1
Check: C++ specification
Result: NOTE
Specified C++11: please drop specification unless essential
Flavors: r-devel-linux-x86_64-debian-gcc, r-devel-linux-x86_64-fedora-clang, r-devel-linux-x86_64-fedora-gcc, r-devel-windows-x86_64