CRAN Package Check Results for Package covequal

Last updated on 2022-05-20 20:54:30 CEST.

Flavor Version Tinstall Tcheck Ttotal Status Flags
r-devel-linux-x86_64-debian-clang 0.1.0 1.66 34.70 36.36 NOTE
r-devel-linux-x86_64-debian-gcc 0.1.0 1.60 26.73 28.33 NOTE
r-devel-linux-x86_64-fedora-clang 0.1.0 44.79 NOTE
r-devel-linux-x86_64-fedora-gcc 0.1.0 42.95 NOTE
r-devel-windows-x86_64 0.1.0 13.00 54.00 67.00 NOTE
r-patched-linux-x86_64 0.1.0 2.08 33.37 35.45 NOTE
r-release-linux-x86_64 0.1.0 1.24 33.03 34.27 NOTE
r-release-macos-arm64 0.1.0 16.00 NOTE
r-release-macos-x86_64 0.1.0 22.00 NOTE
r-release-windows-x86_64 0.1.0 12.00 55.00 67.00 NOTE
r-oldrel-macos-arm64 0.1.0 21.00 NOTE
r-oldrel-macos-x86_64 0.1.0 28.00 NOTE
r-oldrel-windows-ix86+x86_64 0.1.0 6.00 48.00 54.00 NOTE

Check Details

Version: 0.1.0
Check: LazyData
Result: NOTE
     'LazyData' is specified without a 'data' directory
Flavors: r-devel-linux-x86_64-debian-clang, r-devel-linux-x86_64-debian-gcc, r-devel-linux-x86_64-fedora-clang, r-devel-linux-x86_64-fedora-gcc, r-devel-windows-x86_64, r-patched-linux-x86_64, r-release-linux-x86_64, r-release-macos-arm64, r-release-macos-x86_64, r-release-windows-x86_64, r-oldrel-macos-arm64, r-oldrel-macos-x86_64, r-oldrel-windows-ix86+x86_64