CRAN Package Check Results for Package cowplot

Last updated on 2022-01-28 17:49:40 CET.

Flavor Version Tinstall Tcheck Ttotal Status Flags
r-devel-linux-x86_64-debian-clang 1.1.1 6.12 126.80 132.92 NOTE
r-devel-linux-x86_64-debian-gcc 1.1.1 5.21 93.52 98.73 NOTE
r-devel-linux-x86_64-fedora-clang 1.1.1 149.81 NOTE
r-devel-linux-x86_64-fedora-gcc 1.1.1 136.84 NOTE
r-devel-windows-x86_64-new-UL 1.1.1 104.00 154.00 258.00 NOTE
r-devel-windows-x86_64-new-TK 1.1.1 NOTE
r-patched-linux-x86_64 1.1.1 12.18 107.31 119.49 NOTE
r-release-linux-x86_64 1.1.1 4.78 106.56 111.34 NOTE
r-release-macos-arm64 1.1.1 NOTE
r-release-macos-x86_64 1.1.1 NOTE
r-release-windows-ix86+x86_64 1.1.1 15.00 130.00 145.00 NOTE
r-oldrel-macos-x86_64 1.1.1 OK
r-oldrel-windows-ix86+x86_64 1.1.1 15.00 134.00 149.00 OK

Check Details

Version: 1.1.1
Check: LazyData
Result: NOTE
     'LazyData' is specified without a 'data' directory
Flavors: r-devel-linux-x86_64-debian-clang, r-devel-linux-x86_64-debian-gcc, r-devel-linux-x86_64-fedora-clang, r-devel-linux-x86_64-fedora-gcc, r-devel-windows-x86_64-new-UL, r-devel-windows-x86_64-new-TK, r-patched-linux-x86_64, r-release-linux-x86_64, r-release-macos-arm64, r-release-macos-x86_64, r-release-windows-ix86+x86_64