Last updated on 2023-02-08 15:52:37 CET.
Flavor | Version | Tinstall | Tcheck | Ttotal | Status | Flags |
---|---|---|---|---|---|---|
r-devel-linux-x86_64-debian-clang | 1.0.6 | 39.11 | 144.97 | 184.08 | NOTE | |
r-devel-linux-x86_64-debian-gcc | 1.0.6 | 28.68 | 107.55 | 136.23 | NOTE | |
r-devel-linux-x86_64-fedora-clang | 1.0.6 | 234.28 | NOTE | |||
r-devel-linux-x86_64-fedora-gcc | 1.0.6 | 234.79 | NOTE | |||
r-devel-windows-x86_64 | 1.0.6 | 52.00 | 224.00 | 276.00 | NOTE | |
r-patched-linux-x86_64 | 1.0.6 | 34.37 | 143.61 | 177.98 | OK | |
r-release-linux-x86_64 | 1.0.6 | 28.05 | 137.58 | 165.63 | OK | |
r-release-macos-arm64 | 1.0.6 | 52.00 | OK | |||
r-release-macos-x86_64 | 1.0.6 | 92.00 | OK | |||
r-release-windows-x86_64 | 1.0.6 | 51.00 | 241.00 | 292.00 | OK | |
r-oldrel-macos-arm64 | 1.0.6 | 65.00 | OK | |||
r-oldrel-macos-x86_64 | 1.0.6 | 96.00 | OK | |||
r-oldrel-windows-ix86+x86_64 | 1.0.6 | 92.00 | 271.00 | 363.00 | OK |
Version: 1.0.6
Check: C++ specification
Result: NOTE
Specified C++14: please update to current default of C++17
Flavors: r-devel-linux-x86_64-debian-clang, r-devel-windows-x86_64
Version: 1.0.6
Check: C++ specification
Result: NOTE
Specified C++14: please drop specification unless essential
Flavors: r-devel-linux-x86_64-debian-gcc, r-devel-linux-x86_64-fedora-clang, r-devel-linux-x86_64-fedora-gcc