Last updated on 2023-05-30 14:56:42 CEST.
Flavor | Version | Tinstall | Tcheck | Ttotal | Status | Flags |
---|---|---|---|---|---|---|
r-devel-linux-x86_64-debian-clang | 1.2.1 | 192.01 | 85.19 | 277.20 | OK | |
r-devel-linux-x86_64-debian-gcc | 1.2.1 | 141.91 | 66.62 | 208.53 | OK | |
r-devel-linux-x86_64-fedora-clang | 1.2.1 | 386.07 | NOTE | |||
r-devel-linux-x86_64-fedora-gcc | 1.2.1 | 387.41 | NOTE | |||
r-devel-windows-x86_64 | 1.2.1 | 125.00 | 116.00 | 241.00 | OK | |
r-patched-linux-x86_64 | 1.2.1 | 149.90 | 84.25 | 234.15 | OK | |
r-release-linux-x86_64 | 1.2.1 | 162.98 | 85.87 | 248.85 | OK | |
r-release-macos-arm64 | 1.2.1 | 90.00 | NOTE | |||
r-release-macos-x86_64 | 1.2.1 | 155.00 | NOTE | |||
r-release-windows-x86_64 | 1.2.1 | 172.00 | 135.00 | 307.00 | OK | |
r-oldrel-macos-arm64 | 1.2.1 | 80.00 | NOTE | |||
r-oldrel-macos-x86_64 | 1.2.1 | 107.00 | NOTE | |||
r-oldrel-windows-x86_64 | 1.2.1 | 168.00 | 124.00 | 292.00 | OK |
Version: 1.2.1
Check: compiled code
Result: NOTE
File ‘cqrReg/libs/cqrReg.so’:
Found no calls to: ‘R_registerRoutines’, ‘R_useDynamicSymbols’
It is good practice to register native routines and to disable symbol
search.
See ‘Writing portable packages’ in the ‘Writing R Extensions’ manual.
Flavors: r-devel-linux-x86_64-fedora-clang, r-devel-linux-x86_64-fedora-gcc
Version: 1.2.1
Check: installed package size
Result: NOTE
installed size is 7.3Mb
sub-directories of 1Mb or more:
libs 7.2Mb
Flavors: r-release-macos-arm64, r-release-macos-x86_64, r-oldrel-macos-arm64, r-oldrel-macos-x86_64