CRAN Package Check Results for Package crosstable

Last updated on 2022-01-24 15:54:08 CET.

Flavor Version Tinstall Tcheck Ttotal Status Flags
r-devel-linux-x86_64-debian-clang 0.3.2 17.48 287.98 305.46 OK
r-devel-linux-x86_64-debian-gcc 0.3.2 10.94 226.55 237.49 ERROR
r-devel-linux-x86_64-fedora-clang 0.3.2 379.91 ERROR
r-devel-linux-x86_64-fedora-gcc 0.3.2 375.66 ERROR
r-devel-windows-x86_64-new-UL 0.3.2 139.00 281.00 420.00 OK
r-devel-windows-x86_64-new-TK 0.3.2 OK
r-patched-linux-x86_64 0.3.2 22.40 297.08 319.48 ERROR
r-release-linux-x86_64 0.3.2 15.29 297.02 312.31 ERROR
r-release-macos-arm64 0.3.2 OK
r-release-macos-x86_64 0.3.2 OK
r-release-windows-ix86+x86_64 0.3.2 32.00 285.00 317.00 OK
r-oldrel-macos-x86_64 0.3.2 OK
r-oldrel-windows-ix86+x86_64 0.3.2 32.00 299.00 331.00 OK

Check Details

Version: 0.3.2
Check: tests
Result: ERROR
     Running ‘testthat.R’ [91s/80s]
    Running the tests in ‘tests/testthat.R’ failed.
    Complete output:
     > library(testthat)
     > test_check("crosstable")
     Loading required package: crosstable
    
     Attaching package: 'crosstable'
    
     The following object is masked from 'package:testthat':
    
     matches
    
     Starting 2 test processes
     [ FAIL 2 | WARN 273 | SKIP 20 | PASS 324 ]
    
     ══ Skipped tests ═══════════════════════════════════════════════════════════════
     • On CRAN (15)
     • On Linux (4)
     • This should only be ran manually in examples/not_test-officer_v4_legends.R (1)
    
     ══ Failed tests ════════════════════════════════════════════════════════════════
     ── Failure (test-selection.R:52:5): crosstable with external character vector ──
     `.` produced warnings.
     Backtrace:
     █
     1. ├─`%>%`(...)
     2. └─testthat::expect_silent(.)
     ── Failure (test-selection.R:57:5): crosstable with external character vector ──
     `.` produced warnings.
     Backtrace:
     █
     1. ├─`%>%`(...)
     2. └─testthat::expect_silent(.)
    
     [ FAIL 2 | WARN 273 | SKIP 20 | PASS 324 ]
     Error: Test failures
     Execution halted
Flavor: r-devel-linux-x86_64-debian-gcc

Version: 0.3.2
Check: tests
Result: ERROR
     Running ‘testthat.R’ [140s/84s]
    Running the tests in ‘tests/testthat.R’ failed.
    Complete output:
     > library(testthat)
     > test_check("crosstable")
     Loading required package: crosstable
    
     Attaching package: 'crosstable'
    
     The following object is masked from 'package:testthat':
    
     matches
    
     Starting 2 test processes
     [ FAIL 2 | WARN 273 | SKIP 20 | PASS 324 ]
    
     ══ Skipped tests ═══════════════════════════════════════════════════════════════
     • On CRAN (15)
     • On Linux (4)
     • This should only be ran manually in examples/not_test-officer_v4_legends.R (1)
    
     ══ Failed tests ════════════════════════════════════════════════════════════════
     ── Failure (test-selection.R:52:5): crosstable with external character vector ──
     `.` produced warnings.
     Backtrace:
     █
     1. ├─`%>%`(...)
     2. └─testthat::expect_silent(.)
     ── Failure (test-selection.R:57:5): crosstable with external character vector ──
     `.` produced warnings.
     Backtrace:
     █
     1. ├─`%>%`(...)
     2. └─testthat::expect_silent(.)
    
     [ FAIL 2 | WARN 273 | SKIP 20 | PASS 324 ]
     Error: Test failures
     Execution halted
Flavor: r-devel-linux-x86_64-fedora-clang

Version: 0.3.2
Check: tests
Result: ERROR
     Running ‘testthat.R’ [144s/83s]
    Running the tests in ‘tests/testthat.R’ failed.
    Complete output:
     > library(testthat)
     > test_check("crosstable")
     Loading required package: crosstable
    
     Attaching package: 'crosstable'
    
     The following object is masked from 'package:testthat':
    
     matches
    
     Starting 2 test processes
     [ FAIL 2 | WARN 273 | SKIP 20 | PASS 324 ]
    
     ══ Skipped tests ═══════════════════════════════════════════════════════════════
     • On CRAN (15)
     • On Linux (4)
     • This should only be ran manually in examples/not_test-officer_v4_legends.R (1)
    
     ══ Failed tests ════════════════════════════════════════════════════════════════
     ── Failure (test-selection.R:52:5): crosstable with external character vector ──
     `.` produced warnings.
     Backtrace:
     █
     1. ├─`%>%`(...)
     2. └─testthat::expect_silent(.)
     ── Failure (test-selection.R:57:5): crosstable with external character vector ──
     `.` produced warnings.
     Backtrace:
     █
     1. ├─`%>%`(...)
     2. └─testthat::expect_silent(.)
    
     [ FAIL 2 | WARN 273 | SKIP 20 | PASS 324 ]
     Error: Test failures
     Execution halted
Flavor: r-devel-linux-x86_64-fedora-gcc

Version: 0.3.2
Check: tests
Result: ERROR
     Running ‘testthat.R’ [117s/78s]
    Running the tests in ‘tests/testthat.R’ failed.
    Complete output:
     > library(testthat)
     > test_check("crosstable")
     Loading required package: crosstable
    
     Attaching package: 'crosstable'
    
     The following object is masked from 'package:testthat':
    
     matches
    
     Starting 2 test processes
     [ FAIL 2 | WARN 273 | SKIP 20 | PASS 324 ]
    
     ══ Skipped tests ═══════════════════════════════════════════════════════════════
     • On CRAN (15)
     • On Linux (4)
     • This should only be ran manually in examples/not_test-officer_v4_legends.R (1)
    
     ══ Failed tests ════════════════════════════════════════════════════════════════
     ── Failure (test-selection.R:52:5): crosstable with external character vector ──
     `.` produced warnings.
     Backtrace:
     █
     1. ├─`%>%`(...)
     2. └─testthat::expect_silent(.)
     ── Failure (test-selection.R:57:5): crosstable with external character vector ──
     `.` produced warnings.
     Backtrace:
     █
     1. ├─`%>%`(...)
     2. └─testthat::expect_silent(.)
    
     [ FAIL 2 | WARN 273 | SKIP 20 | PASS 324 ]
     Error: Test failures
     Execution halted
Flavor: r-patched-linux-x86_64

Version: 0.3.2
Check: tests
Result: ERROR
     Running ‘testthat.R’ [117s/81s]
    Running the tests in ‘tests/testthat.R’ failed.
    Complete output:
     > library(testthat)
     > test_check("crosstable")
     Loading required package: crosstable
    
     Attaching package: 'crosstable'
    
     The following object is masked from 'package:testthat':
    
     matches
    
     Starting 2 test processes
     [ FAIL 2 | WARN 273 | SKIP 20 | PASS 324 ]
    
     ══ Skipped tests ═══════════════════════════════════════════════════════════════
     • On CRAN (15)
     • On Linux (4)
     • This should only be ran manually in examples/not_test-officer_v4_legends.R (1)
    
     ══ Failed tests ════════════════════════════════════════════════════════════════
     ── Failure (test-selection.R:52:5): crosstable with external character vector ──
     `.` produced warnings.
     Backtrace:
     █
     1. ├─`%>%`(...)
     2. └─testthat::expect_silent(.)
     ── Failure (test-selection.R:57:5): crosstable with external character vector ──
     `.` produced warnings.
     Backtrace:
     █
     1. ├─`%>%`(...)
     2. └─testthat::expect_silent(.)
    
     [ FAIL 2 | WARN 273 | SKIP 20 | PASS 324 ]
     Error: Test failures
     Execution halted
Flavor: r-release-linux-x86_64