CRAN Package Check Results for Package crs

Last updated on 2022-01-24 12:52:05 CET.

Flavor Version Tinstall Tcheck Ttotal Status Flags
r-devel-linux-x86_64-debian-clang 0.15-33 258.98 293.71 552.69 OK
r-devel-linux-x86_64-debian-gcc 0.15-33 213.61 225.69 439.30 OK
r-devel-linux-x86_64-fedora-clang 0.15-33 835.11 NOTE
r-devel-linux-x86_64-fedora-gcc 0.15-33 749.64 OK
r-devel-windows-x86_64-new-UL 0.15-33 309.00 244.00 553.00 OK --no-vignettes
r-devel-windows-x86_64-new-TK 0.15-33 OK
r-patched-linux-x86_64 0.15-33 243.83 284.19 528.02 OK
r-release-linux-x86_64 0.15-33 197.42 285.37 482.79 OK
r-release-macos-arm64 0.15-33 NOTE
r-release-macos-x86_64 0.15-33 NOTE
r-release-windows-ix86+x86_64 0.15-33 618.00 214.00 832.00 NOTE --no-vignettes
r-oldrel-macos-x86_64 0.15-33 NOTE
r-oldrel-windows-ix86+x86_64 0.15-33 659.00 294.00 953.00 NOTE --no-vignettes

Check Details

Version: 0.15-33
Check: installed package size
Result: NOTE
     installed size is 21.3Mb
     sub-directories of 1Mb or more:
     libs 19.6Mb
Flavors: r-devel-linux-x86_64-fedora-clang, r-release-macos-arm64, r-release-macos-x86_64, r-oldrel-macos-x86_64

Version: 0.15-33
Flags: --no-vignettes
Check: installed package size
Result: NOTE
     installed size is 8.2Mb
     sub-directories of 1Mb or more:
     libs 6.6Mb
Flavors: r-release-windows-ix86+x86_64, r-oldrel-windows-ix86+x86_64