CRAN Package Check Results for Package csmpv

Last updated on 2024-04-20 14:50:30 CEST.

Flavor Version Tinstall Tcheck Ttotal Status Flags
r-devel-linux-x86_64-debian-clang 1.0.3 20.55 539.54 560.09 OK
r-devel-linux-x86_64-debian-gcc 1.0.3 14.30 393.71 408.01 OK
r-devel-linux-x86_64-fedora-clang 1.0.3 677.80 NOTE
r-devel-linux-x86_64-fedora-gcc 1.0.3 663.68 OK
r-prerel-macos-arm64 1.0.3 148.00 NOTE
r-prerel-macos-x86_64 1.0.3 260.00 NOTE
r-prerel-windows-x86_64 1.0.3 17.00 320.00 337.00 NOTE
r-patched-linux-x86_64 1.0.3 16.54 522.33 538.87 OK
r-release-linux-x86_64 1.0.3 16.15 517.66 533.81 OK
r-release-macos-arm64 1.0.3 128.00 NOTE
r-release-macos-x86_64 1.0.3 186.00 NOTE
r-release-windows-x86_64 1.0.3 22.00 439.00 461.00 NOTE
r-oldrel-macos-arm64 1.0.3 145.00 NOTE
r-oldrel-windows-x86_64 1.0.3 24.00 440.00 464.00 NOTE

Check Details

Version: 1.0.3
Check: installed package size
Result: NOTE installed size is 8.2Mb sub-directories of 1Mb or more: doc 7.9Mb Flavors: r-devel-linux-x86_64-fedora-clang, r-prerel-macos-arm64, r-prerel-macos-x86_64, r-prerel-windows-x86_64, r-release-macos-arm64, r-release-macos-x86_64, r-release-windows-x86_64, r-oldrel-macos-arm64, r-oldrel-windows-x86_64