CRAN Package Check Results for Package cubature

Last updated on 2022-05-20 04:56:52 CEST.

Flavor Version Tinstall Tcheck Ttotal Status Flags
r-devel-linux-x86_64-debian-clang 2.0.4.4 79.79 238.56 318.35 NOTE
r-devel-linux-x86_64-debian-gcc 2.0.4.4 59.45 158.54 217.99 NOTE
r-devel-linux-x86_64-fedora-clang 2.0.4.4 383.63 NOTE
r-devel-linux-x86_64-fedora-gcc 2.0.4.4 369.76 NOTE
r-devel-windows-x86_64 2.0.4.4 82.00 239.00 321.00 NOTE
r-patched-linux-x86_64 2.0.4.4 66.09 224.98 291.07 NOTE
r-release-linux-x86_64 2.0.4.4 61.24 228.11 289.35 NOTE
r-release-macos-arm64 2.0.4.4 95.00 NOTE
r-release-macos-x86_64 2.0.4.4 191.00 NOTE
r-release-windows-x86_64 2.0.4.4 83.00 238.00 321.00 NOTE
r-oldrel-macos-arm64 2.0.4.4 124.00 NOTE
r-oldrel-macos-x86_64 2.0.4.4 214.00 NOTE
r-oldrel-windows-ix86+x86_64 2.0.4.4 98.00 310.00 408.00 NOTE

Check Details

Version: 2.0.4.4
Check: for GNU extensions in Makefiles
Result: NOTE
    GNU make is a SystemRequirements.
Flavors: r-devel-linux-x86_64-debian-clang, r-devel-linux-x86_64-debian-gcc, r-devel-linux-x86_64-fedora-clang, r-devel-linux-x86_64-fedora-gcc, r-devel-windows-x86_64, r-patched-linux-x86_64, r-release-linux-x86_64, r-release-macos-arm64, r-release-macos-x86_64, r-release-windows-x86_64, r-oldrel-macos-arm64, r-oldrel-macos-x86_64, r-oldrel-windows-ix86+x86_64

Version: 2.0.4.4
Check: installed package size
Result: NOTE
     installed size is 6.9Mb
     sub-directories of 1Mb or more:
     doc 1.3Mb
     libs 5.5Mb
Flavor: r-oldrel-windows-ix86+x86_64