Last updated on 2022-06-27 09:50:11 CEST.
Flavor | Version | Tinstall | Tcheck | Ttotal | Status | Flags |
---|---|---|---|---|---|---|
r-devel-linux-x86_64-debian-clang | 1.2-1 | 11.65 | 100.39 | 112.04 | WARN | |
r-devel-linux-x86_64-debian-gcc | 1.2-1 | 11.60 | 77.46 | 89.06 | OK | |
r-devel-linux-x86_64-fedora-clang | 1.2-1 | 148.52 | WARN | |||
r-devel-linux-x86_64-fedora-gcc | 1.2-1 | 151.28 | OK | |||
r-devel-windows-x86_64 | 1.2-1 | 22.00 | 130.00 | 152.00 | OK | |
r-patched-linux-x86_64 | 1.2-1 | 12.84 | 102.83 | 115.67 | OK | |
r-release-linux-x86_64 | 1.2-1 | 12.82 | 101.97 | 114.79 | OK | |
r-release-macos-arm64 | 1.2-1 | 55.00 | OK | |||
r-release-macos-x86_64 | 1.2-1 | 91.00 | OK | |||
r-release-windows-x86_64 | 1.2-1 | 21.00 | 127.00 | 148.00 | OK | |
r-oldrel-macos-arm64 | 1.2-1 | 75.00 | OK | |||
r-oldrel-macos-x86_64 | 1.2-1 | 86.00 | OK | |||
r-oldrel-windows-ix86+x86_64 | 1.2-1 | 31.00 | 767.00 | 798.00 | OK |
Version: 1.2-1
Check: whether package can be installed
Result: WARN
Found the following significant warnings:
inpolygon.c:109:7: warning: use of bitwise '&' with boolean operands [-Wbitwise-instead-of-logical]
Flavors: r-devel-linux-x86_64-debian-clang, r-devel-linux-x86_64-fedora-clang