Last updated on 2023-02-09 13:50:41 CET.
Flavor | Version | Tinstall | Tcheck | Ttotal | Status | Flags |
---|---|---|---|---|---|---|
r-devel-linux-x86_64-debian-clang | 0.4.1 | 22.33 | 101.07 | 123.40 | NOTE | |
r-devel-linux-x86_64-debian-gcc | 0.4.1 | 16.74 | 69.26 | 86.00 | NOTE | |
r-devel-linux-x86_64-fedora-clang | 0.4.1 | 159.66 | NOTE | |||
r-devel-linux-x86_64-fedora-gcc | 0.4.1 | 158.30 | NOTE | |||
r-devel-windows-x86_64 | 0.4.1 | 40.00 | 136.00 | 176.00 | NOTE | |
r-patched-linux-x86_64 | 0.4.1 | 20.26 | 93.51 | 113.77 | OK | |
r-release-linux-x86_64 | 0.4.1 | 18.53 | 94.04 | 112.57 | OK | |
r-release-macos-arm64 | 0.4.1 | 41.00 | OK | |||
r-release-macos-x86_64 | 0.4.1 | 56.00 | OK | |||
r-release-windows-x86_64 | 0.4.1 | 41.00 | 155.00 | 196.00 | OK | |
r-oldrel-macos-arm64 | 0.4.1 | 47.00 | OK | |||
r-oldrel-macos-x86_64 | 0.4.1 | 81.00 | OK | |||
r-oldrel-windows-ix86+x86_64 | 0.4.1 | 54.00 | 175.00 | 229.00 | OK |
Version: 0.4.1
Check: C++ specification
Result: NOTE
Specified C++11: please update to current default of C++17
Flavor: r-devel-linux-x86_64-debian-clang
Version: 0.4.1
Check: C++ specification
Result: NOTE
Specified C++11: please drop specification unless essential
Flavors: r-devel-linux-x86_64-debian-gcc, r-devel-linux-x86_64-fedora-clang, r-devel-linux-x86_64-fedora-gcc, r-devel-windows-x86_64