CRAN Package Check Results for Package cvequality

Last updated on 2024-05-24 09:53:32 CEST.

Flavor Version Tinstall Tcheck Ttotal Status Flags
r-devel-linux-x86_64-debian-clang 0.2.0 2.00 53.26 55.26 NOTE
r-devel-linux-x86_64-debian-gcc 0.2.0 1.79 38.26 40.05 NOTE
r-devel-linux-x86_64-fedora-clang 0.2.0 72.00 NOTE
r-devel-linux-x86_64-fedora-gcc 0.2.0 75.84 NOTE
r-devel-windows-x86_64 0.2.0 3.00 56.00 59.00 NOTE
r-patched-linux-x86_64 0.2.0 1.82 50.70 52.52 NOTE
r-release-linux-x86_64 0.2.0 1.87 51.08 52.95 NOTE
r-release-macos-arm64 0.2.0 27.00 NOTE
r-release-windows-x86_64 0.2.0 4.00 59.00 63.00 NOTE
r-oldrel-macos-arm64 0.2.0 29.00 NOTE
r-oldrel-macos-x86_64 0.2.0 44.00 NOTE
r-oldrel-windows-x86_64 0.2.0 3.00 63.00 66.00 NOTE

Check Details

Version: 0.2.0
Check: LazyData
Result: NOTE 'LazyData' is specified without a 'data' directory Flavors: r-devel-linux-x86_64-debian-clang, r-devel-linux-x86_64-debian-gcc, r-devel-linux-x86_64-fedora-clang, r-devel-linux-x86_64-fedora-gcc, r-devel-windows-x86_64, r-patched-linux-x86_64, r-release-linux-x86_64, r-release-macos-arm64, r-release-windows-x86_64, r-oldrel-macos-arm64, r-oldrel-macos-x86_64, r-oldrel-windows-x86_64