Last updated on 2022-05-16 17:52:21 CEST.
Flavor | Version | Tinstall | Tcheck | Ttotal | Status | Flags |
---|---|---|---|---|---|---|
r-devel-linux-x86_64-debian-clang | 1.1.1 | 64.08 | 70.59 | 134.67 | OK | |
r-devel-linux-x86_64-debian-gcc | 1.1.1 | 44.60 | 53.81 | 98.41 | OK | |
r-devel-linux-x86_64-fedora-clang | 1.1.1 | 183.26 | NOTE | |||
r-devel-linux-x86_64-fedora-gcc | 1.1.1 | 155.74 | NOTE | |||
r-devel-windows-x86_64 | 1.1.1 | 155.00 | 114.00 | 269.00 | OK | |
r-patched-linux-x86_64 | 1.1.1 | 48.80 | 67.73 | 116.53 | OK | |
r-release-linux-x86_64 | 1.1.1 | 47.86 | 67.28 | 115.14 | OK | |
r-release-macos-arm64 | 1.1.1 | 44.00 | OK | |||
r-release-macos-x86_64 | 1.1.1 | 63.00 | OK | |||
r-release-windows-x86_64 | 1.1.1 | 162.00 | 109.00 | 271.00 | OK | |
r-oldrel-macos-arm64 | 1.1.1 | 56.00 | OK | |||
r-oldrel-macos-x86_64 | 1.1.1 | 70.00 | OK | |||
r-oldrel-windows-ix86+x86_64 | 1.1.1 | 144.00 | 107.00 | 251.00 | NOTE |
Version: 1.1.1
Check: compiled code
Result: NOTE
File ‘cycleRtools/libs/cycleRtools.so’:
Found no calls to: ‘R_registerRoutines’, ‘R_useDynamicSymbols’
It is good practice to register native routines and to disable symbol
search.
See ‘Writing portable packages’ in the ‘Writing R Extensions’ manual.
Flavors: r-devel-linux-x86_64-fedora-clang, r-devel-linux-x86_64-fedora-gcc
Version: 1.1.1
Check: installed package size
Result: NOTE
installed size is 5.0Mb
sub-directories of 1Mb or more:
libs 2.1Mb
Flavor: r-oldrel-windows-ix86+x86_64