CRAN Package Check Results for Package dabestr

Last updated on 2022-01-19 01:47:29 CET.

Flavor Version Tinstall Tcheck Ttotal Status Flags
r-devel-linux-x86_64-debian-clang 0.3.0 28.67 236.01 264.68 OK
r-devel-linux-x86_64-debian-gcc 0.3.0 23.67 169.70 193.37 OK
r-devel-linux-x86_64-fedora-clang 0.3.0 282.49 NOTE
r-devel-linux-x86_64-fedora-gcc 0.3.0 274.32 NOTE
r-devel-windows-x86_64-new-UL 0.3.0 241.00 292.00 533.00 OK
r-devel-windows-x86_64-new-TK 0.3.0 NOTE
r-patched-linux-x86_64 0.3.0 27.45 221.16 248.61 OK
r-release-linux-x86_64 0.3.0 OK
r-release-macos-arm64 0.3.0 NOTE
r-release-macos-x86_64 0.3.0 NOTE
r-release-windows-ix86+x86_64 0.3.0 19.00 255.00 274.00 OK
r-oldrel-macos-x86_64 0.3.0 NOTE
r-oldrel-windows-ix86+x86_64 0.3.0 19.00 256.00 275.00 OK

Check Details

Version: 0.3.0
Check: dependencies in R code
Result: NOTE
    Namespaces in Imports field not imported from:
     ‘plyr’ ‘simpleboot’
     All declared Imports should be used.
Flavors: r-devel-linux-x86_64-fedora-clang, r-devel-linux-x86_64-fedora-gcc, r-devel-windows-x86_64-new-TK, r-release-macos-arm64, r-release-macos-x86_64, r-oldrel-macos-x86_64