Last updated on 2023-02-02 17:53:44 CET.
Flavor | Version | Tinstall | Tcheck | Ttotal | Status | Flags |
---|---|---|---|---|---|---|
r-devel-linux-x86_64-debian-clang | 0.1.0 | 7.40 | 103.82 | 111.22 | OK | |
r-devel-linux-x86_64-debian-gcc | 0.1.0 | 5.39 | 80.09 | 85.48 | OK | |
r-devel-linux-x86_64-fedora-clang | 0.1.0 | 142.30 | NOTE | |||
r-devel-linux-x86_64-fedora-gcc | 0.1.0 | 134.62 | NOTE | |||
r-devel-windows-x86_64 | 0.1.0 | 54.00 | 159.00 | 213.00 | OK | |
r-patched-linux-x86_64 | 0.1.0 | 6.01 | 99.78 | 105.79 | OK | |
r-release-linux-x86_64 | 0.1.0 | 7.04 | 103.06 | 110.10 | OK | |
r-release-macos-arm64 | 0.1.0 | 51.00 | NOTE | |||
r-release-macos-x86_64 | 0.1.0 | 96.00 | NOTE | |||
r-release-windows-x86_64 | 0.1.0 | 44.00 | 149.00 | 193.00 | OK | |
r-oldrel-macos-arm64 | 0.1.0 | 57.00 | NOTE | |||
r-oldrel-macos-x86_64 | 0.1.0 | 61.00 | NOTE | |||
r-oldrel-windows-ix86+x86_64 | 0.1.0 | 18.00 | 132.00 | 150.00 | OK |
Version: 0.1.0
Check: data for non-ASCII characters
Result: NOTE
Note: found 109157 marked UTF-8 strings
Flavors: r-devel-linux-x86_64-fedora-clang, r-devel-linux-x86_64-fedora-gcc, r-release-macos-arm64, r-release-macos-x86_64, r-oldrel-macos-arm64, r-oldrel-macos-x86_64