CRAN Package Check Results for Package dashHtmlComponents

Last updated on 2022-06-27 08:49:57 CEST.

Flavor Version Tinstall Tcheck Ttotal Status Flags
r-devel-linux-x86_64-debian-clang 1.0.3 7.74 60.56 68.30 NOTE
r-devel-linux-x86_64-debian-gcc 1.0.3 4.91 46.18 51.09 NOTE
r-devel-linux-x86_64-fedora-clang 1.0.3 88.12 NOTE
r-devel-linux-x86_64-fedora-gcc 1.0.3 52.75 NOTE
r-devel-windows-x86_64 1.0.3 604.00 100.00 704.00 NOTE
r-patched-linux-x86_64 1.0.3 9.70 52.75 62.45 NOTE
r-release-linux-x86_64 1.0.3 5.07 52.66 57.73 NOTE
r-release-macos-arm64 1.0.3 25.00 NOTE
r-release-macos-x86_64 1.0.3 40.00 NOTE
r-release-windows-x86_64 1.0.3 510.00 91.00 601.00 NOTE
r-oldrel-macos-arm64 1.0.3 28.00 NOTE
r-oldrel-macos-x86_64 1.0.3 59.00 NOTE
r-oldrel-windows-ix86+x86_64 1.0.3 13.00 80.00 93.00 NOTE

Check Details

Version: 1.0.3
Check: LazyData
Result: NOTE
     'LazyData' is specified without a 'data' directory
Flavors: r-devel-linux-x86_64-debian-clang, r-devel-linux-x86_64-debian-gcc, r-devel-linux-x86_64-fedora-clang, r-devel-linux-x86_64-fedora-gcc, r-devel-windows-x86_64, r-patched-linux-x86_64, r-release-linux-x86_64, r-release-macos-arm64, r-release-macos-x86_64, r-release-windows-x86_64, r-oldrel-macos-arm64, r-oldrel-macos-x86_64, r-oldrel-windows-ix86+x86_64