CRAN Package Check Results for Package data.table

Last updated on 2022-01-24 02:50:57 CET.

Flavor Version Tinstall Tcheck Ttotal Status Flags
r-devel-linux-x86_64-debian-clang 1.14.2 41.60 148.60 190.20 OK --no-tests
r-devel-linux-x86_64-debian-gcc 1.14.2 32.31 106.53 138.84 OK --no-tests
r-devel-linux-x86_64-fedora-clang 1.14.2 436.45 NOTE
r-devel-linux-x86_64-fedora-gcc 1.14.2 398.25 OK
r-devel-windows-x86_64-new-UL 1.14.2 617.00 1046.00 1663.00 OK
r-devel-windows-x86_64-new-TK 1.14.2 OK --no-tests
r-patched-linux-x86_64 1.14.2 37.17 137.20 174.37 OK --no-tests
r-release-linux-x86_64 1.14.2 35.77 138.25 174.02 OK --no-tests
r-release-macos-arm64 1.14.2 OK
r-release-macos-x86_64 1.14.2 OK
r-release-windows-ix86+x86_64 1.14.2 111.00 610.00 721.00 OK
r-oldrel-macos-x86_64 1.14.2 OK
r-oldrel-windows-ix86+x86_64 1.14.2 110.00 607.00 717.00 OK

Check Details

Version: 1.14.2
Check: installed package size
Result: NOTE
     installed size is 5.0Mb
     sub-directories of 1Mb or more:
     libs 1.7Mb
Flavor: r-devel-linux-x86_64-fedora-clang