CRAN Package Check Results for Package datacleanr

Last updated on 2024-04-15 00:54:53 CEST.

Flavor Version Tinstall Tcheck Ttotal Status Flags
r-devel-linux-x86_64-debian-clang 1.0.3 7.03 51.30 58.33 OK
r-devel-linux-x86_64-debian-gcc 1.0.3 4.91 38.07 42.98 OK
r-devel-linux-x86_64-fedora-clang 1.0.3 77.20 NOTE
r-devel-linux-x86_64-fedora-gcc 1.0.3 67.01 NOTE
r-devel-windows-x86_64 1.0.3 7.00 62.00 69.00 OK
r-patched-linux-x86_64 1.0.3 12.59 48.61 61.20 OK
r-release-linux-x86_64 1.0.3 5.24 49.59 54.83 OK
r-release-macos-arm64 1.0.3 24.00 OK
r-release-macos-x86_64 1.0.3 41.00 OK
r-release-windows-x86_64 1.0.3 11.00 68.00 79.00 OK
r-oldrel-macos-arm64 1.0.3 24.00 NOTE
r-oldrel-windows-x86_64 1.0.3 9.00 68.00 77.00 OK

Check Details

Version: 1.0.3
Check: dependencies in R code
Result: NOTE Namespace in Imports field not imported from: ‘htmltools’ All declared Imports should be used. Flavors: r-devel-linux-x86_64-fedora-clang, r-devel-linux-x86_64-fedora-gcc, r-oldrel-macos-arm64