CRAN Package Check Results for Package datadogr

Last updated on 2024-05-25 19:54:17 CEST.

Flavor Version Tinstall Tcheck Ttotal Status Flags
r-devel-linux-x86_64-debian-clang 0.1.2 2.93 36.27 39.20 NOTE
r-devel-linux-x86_64-debian-gcc 0.1.2 2.70 27.93 30.63 NOTE
r-devel-linux-x86_64-fedora-clang 0.1.2 52.43 NOTE
r-devel-linux-x86_64-fedora-gcc 0.1.2 46.98 NOTE
r-devel-windows-x86_64 0.1.2 4.00 54.00 58.00 NOTE
r-patched-linux-x86_64 0.1.2 3.23 35.42 38.65 NOTE
r-release-linux-x86_64 0.1.2 2.82 35.18 38.00 NOTE
r-release-macos-arm64 0.1.2 21.00 NOTE
r-release-windows-x86_64 0.1.2 5.00 54.00 59.00 NOTE
r-oldrel-macos-arm64 0.1.2 21.00 NOTE
r-oldrel-macos-x86_64 0.1.2 30.00 NOTE
r-oldrel-windows-x86_64 0.1.2 6.00 54.00 60.00 NOTE

Check Details

Version: 0.1.2
Check: LazyData
Result: NOTE 'LazyData' is specified without a 'data' directory Flavors: r-devel-linux-x86_64-debian-clang, r-devel-linux-x86_64-debian-gcc, r-devel-linux-x86_64-fedora-clang, r-devel-linux-x86_64-fedora-gcc, r-devel-windows-x86_64, r-patched-linux-x86_64, r-release-linux-x86_64, r-release-macos-arm64, r-release-windows-x86_64, r-oldrel-macos-arm64, r-oldrel-macos-x86_64, r-oldrel-windows-x86_64