CRAN Package Check Results for Package datanugget

Last updated on 2022-05-24 10:51:01 CEST.

Flavor Version Tinstall Tcheck Ttotal Status Flags
r-devel-linux-x86_64-debian-clang 1.0.0 5.67 54.66 60.33 NOTE
r-devel-linux-x86_64-debian-gcc 1.0.0 4.22 40.18 44.40 NOTE
r-devel-linux-x86_64-fedora-clang 1.0.0 69.01 NOTE
r-devel-linux-x86_64-fedora-gcc 1.0.0 67.84 NOTE
r-devel-windows-x86_64 1.0.0 14.00 66.00 80.00 NOTE
r-patched-linux-x86_64 1.0.0 5.68 51.94 57.62 NOTE
r-release-linux-x86_64 1.0.0 NOTE
r-release-macos-arm64 1.0.0 21.00 NOTE
r-release-macos-x86_64 1.0.0 29.00 NOTE
r-release-windows-x86_64 1.0.0 14.00 66.00 80.00 NOTE
r-oldrel-macos-arm64 1.0.0 36.00 NOTE
r-oldrel-macos-x86_64 1.0.0 39.00 NOTE
r-oldrel-windows-ix86+x86_64 1.0.0 9.00 60.00 69.00 NOTE

Additional issues

donttest

Check Details

Version: 1.0.0
Check: LazyData
Result: NOTE
     'LazyData' is specified without a 'data' directory
Flavors: r-devel-linux-x86_64-debian-clang, r-devel-linux-x86_64-debian-gcc, r-devel-linux-x86_64-fedora-clang, r-devel-linux-x86_64-fedora-gcc, r-devel-windows-x86_64, r-patched-linux-x86_64, r-release-linux-x86_64, r-release-macos-arm64, r-release-macos-x86_64, r-release-windows-x86_64, r-oldrel-macos-arm64, r-oldrel-macos-x86_64, r-oldrel-windows-ix86+x86_64