Last updated on 2022-05-20 02:52:53 CEST.
Flavor | Version | Tinstall | Tcheck | Ttotal | Status | Flags |
---|---|---|---|---|---|---|
r-devel-linux-x86_64-debian-clang | 0.0.2 | 4.90 | 58.24 | 63.14 | OK | |
r-devel-linux-x86_64-debian-gcc | 0.0.2 | 3.49 | 43.38 | 46.87 | OK | |
r-devel-linux-x86_64-fedora-clang | 0.0.2 | 74.79 | NOTE | |||
r-devel-linux-x86_64-fedora-gcc | 0.0.2 | 71.32 | NOTE | |||
r-devel-windows-x86_64 | 0.0.2 | 10.00 | 70.00 | 80.00 | OK | |
r-patched-linux-x86_64 | 0.0.2 | 4.50 | 53.75 | 58.25 | OK | |
r-release-linux-x86_64 | 0.0.2 | 4.06 | 54.39 | 58.45 | OK | |
r-release-macos-arm64 | 0.0.2 | 20.00 | NOTE | |||
r-release-macos-x86_64 | 0.0.2 | 39.00 | NOTE | |||
r-release-windows-x86_64 | 0.0.2 | 12.00 | 70.00 | 82.00 | OK | |
r-oldrel-macos-arm64 | 0.0.2 | 25.00 | NOTE | |||
r-oldrel-macos-x86_64 | 0.0.2 | 29.00 | NOTE | |||
r-oldrel-windows-ix86+x86_64 | 0.0.2 | 13.00 | 63.00 | 76.00 | OK |
Version: 0.0.2
Check: dependencies in R code
Result: NOTE
Namespace in Imports field not imported from: ‘magrittr’
All declared Imports should be used.
Flavors: r-devel-linux-x86_64-fedora-clang, r-devel-linux-x86_64-fedora-gcc, r-release-macos-arm64, r-release-macos-x86_64, r-oldrel-macos-arm64, r-oldrel-macos-x86_64
Version: 0.0.2
Check: data for non-ASCII characters
Result: NOTE
Note: found 2 marked UTF-8 strings
Flavors: r-devel-linux-x86_64-fedora-clang, r-devel-linux-x86_64-fedora-gcc, r-release-macos-arm64, r-release-macos-x86_64, r-oldrel-macos-arm64, r-oldrel-macos-x86_64