Last updated on 2023-02-04 08:57:28 CET.
Flavor | Version | Tinstall | Tcheck | Ttotal | Status | Flags |
---|---|---|---|---|---|---|
r-devel-linux-x86_64-debian-clang | 0.6.6 | 24.53 | 131.14 | 155.67 | NOTE | |
r-devel-linux-x86_64-debian-gcc | 0.6.6 | 19.66 | 97.72 | 117.38 | NOTE | |
r-devel-linux-x86_64-fedora-clang | 0.6.6 | 186.91 | NOTE | |||
r-devel-linux-x86_64-fedora-gcc | 0.6.6 | 188.95 | NOTE | |||
r-devel-windows-x86_64 | 0.6.6 | 133.00 | 380.00 | 513.00 | OK | |
r-patched-linux-x86_64 | 0.6.6 | 31.11 | 118.96 | 150.07 | OK | |
r-release-linux-x86_64 | 0.6.6 | 19.85 | 115.90 | 135.75 | OK | |
r-release-macos-arm64 | 0.6.6 | 227.00 | NOTE | |||
r-release-macos-x86_64 | 0.6.6 | 232.00 | NOTE | |||
r-release-windows-x86_64 | 0.6.6 | 131.00 | 377.00 | 508.00 | OK | |
r-oldrel-macos-arm64 | 0.6.6 | 229.00 | NOTE | |||
r-oldrel-macos-x86_64 | 0.6.6 | 238.00 | NOTE | |||
r-oldrel-windows-ix86+x86_64 | 0.6.6 | 37.00 | 318.00 | 355.00 | OK |
Version: 0.6.6
Check: package dependencies
Result: NOTE
Package suggested but not available for checking: ‘msa’
Flavors: r-devel-linux-x86_64-debian-clang, r-devel-linux-x86_64-debian-gcc, r-devel-linux-x86_64-fedora-gcc, r-release-macos-arm64, r-release-macos-x86_64, r-oldrel-macos-arm64, r-oldrel-macos-x86_64
Version: 0.6.6
Check: package dependencies
Result: NOTE
Package suggested but not available for checking: ‘msa’
Imports includes 22 non-default packages.
Importing from so many packages makes the package vulnerable to any of
them becoming unavailable. Move as many as possible to Suggests and
use conditionally.
Flavor: r-devel-linux-x86_64-fedora-clang
Version: 0.6.6
Check: data for non-ASCII characters
Result: NOTE
Note: found 2596 marked UTF-8 strings
Flavors: r-devel-linux-x86_64-fedora-clang, r-devel-linux-x86_64-fedora-gcc, r-release-macos-x86_64, r-oldrel-macos-x86_64