CRAN Package Check Results for Package dbhydroR

Last updated on 2022-05-21 22:58:11 CEST.

Flavor Version Tinstall Tcheck Ttotal Status Flags
r-devel-linux-x86_64-debian-clang 0.2-8 3.10 58.06 61.16 NOTE
r-devel-linux-x86_64-debian-gcc 0.2-8 3.51 44.24 47.75 NOTE
r-devel-linux-x86_64-fedora-clang 0.2-8 73.30 NOTE
r-devel-linux-x86_64-fedora-gcc 0.2-8 71.30 NOTE
r-devel-windows-x86_64 0.2-8 16.00 75.00 91.00 NOTE
r-patched-linux-x86_64 0.2-8 3.03 54.88 57.91 NOTE
r-release-linux-x86_64 0.2-8 4.02 55.37 59.39 NOTE
r-release-macos-arm64 0.2-8 23.00 NOTE
r-release-macos-x86_64 0.2-8 32.00 NOTE
r-release-windows-x86_64 0.2-8 19.00 82.00 101.00 NOTE
r-oldrel-macos-arm64 0.2-8 32.00 NOTE
r-oldrel-macos-x86_64 0.2-8 35.00 NOTE
r-oldrel-windows-ix86+x86_64 0.2-8 11.00 65.00 76.00 NOTE

Check Details

Version: 0.2-8
Check: LazyData
Result: NOTE
     'LazyData' is specified without a 'data' directory
Flavors: r-devel-linux-x86_64-debian-clang, r-devel-linux-x86_64-debian-gcc, r-devel-linux-x86_64-fedora-clang, r-devel-linux-x86_64-fedora-gcc, r-devel-windows-x86_64, r-patched-linux-x86_64, r-release-linux-x86_64, r-release-macos-arm64, r-release-macos-x86_64, r-release-windows-x86_64, r-oldrel-macos-arm64, r-oldrel-macos-x86_64, r-oldrel-windows-ix86+x86_64