CRAN Package Check Results for Package dccpp

Last updated on 2023-02-01 08:59:38 CET.

Flavor Version Tinstall Tcheck Ttotal Status Flags
r-devel-linux-x86_64-debian-clang 0.0.2 29.81 28.39 58.20 NOTE
r-devel-linux-x86_64-debian-gcc 0.0.2 26.28 22.00 48.28 NOTE
r-devel-linux-x86_64-fedora-clang 0.0.2 88.30 NOTE
r-devel-linux-x86_64-fedora-gcc 0.0.2 82.52 NOTE
r-devel-windows-x86_64 0.0.2 35.00 80.00 115.00 NOTE
r-patched-linux-x86_64 0.0.2 25.81 27.99 53.80 OK
r-release-linux-x86_64 0.0.2 25.37 28.63 54.00 OK
r-release-macos-arm64 0.0.2 27.00 OK
r-release-macos-x86_64 0.0.2 34.00 OK
r-release-windows-x86_64 0.0.2 36.00 86.00 122.00 OK
r-oldrel-macos-arm64 0.0.2 27.00 OK
r-oldrel-macos-x86_64 0.0.2 33.00 OK
r-oldrel-windows-ix86+x86_64 0.0.2 85.00 80.00 165.00 OK

Check Details

Version: 0.0.2
Check: C++ specification
Result: NOTE
     Specified C++11: please update to current default of C++17
Flavors: r-devel-linux-x86_64-debian-clang, r-devel-linux-x86_64-debian-gcc, r-devel-linux-x86_64-fedora-clang, r-devel-linux-x86_64-fedora-gcc, r-devel-windows-x86_64