CRAN Package Check Results for Package dccvalidator

Last updated on 2022-05-28 01:51:34 CEST.

Flavor Version Tinstall Tcheck Ttotal Status Flags
r-devel-linux-x86_64-debian-clang 0.3.0 10.31 153.16 163.47 NOTE
r-devel-linux-x86_64-debian-gcc 0.3.0 10.39 115.57 125.96 NOTE
r-devel-linux-x86_64-fedora-clang 0.3.0 193.41 NOTE
r-devel-linux-x86_64-fedora-gcc 0.3.0 198.69 NOTE
r-devel-windows-x86_64 0.3.0 106.00 181.00 287.00 NOTE
r-patched-linux-x86_64 0.3.0 9.68 151.10 160.78 NOTE
r-release-linux-x86_64 0.3.0 10.51 145.83 156.34 NOTE
r-release-macos-arm64 0.3.0 56.00 NOTE
r-release-macos-x86_64 0.3.0 105.00 NOTE
r-release-windows-x86_64 0.3.0 97.00 187.00 284.00 NOTE
r-oldrel-macos-arm64 0.3.0 62.00 NOTE
r-oldrel-macos-x86_64 0.3.0 105.00 NOTE
r-oldrel-windows-ix86+x86_64 0.3.0 31.00 176.00 207.00 NOTE

Check Details

Version: 0.3.0
Check: LazyData
Result: NOTE
     'LazyData' is specified without a 'data' directory
Flavors: r-devel-linux-x86_64-debian-clang, r-devel-linux-x86_64-debian-gcc, r-devel-linux-x86_64-fedora-clang, r-devel-linux-x86_64-fedora-gcc, r-devel-windows-x86_64, r-patched-linux-x86_64, r-release-linux-x86_64, r-release-macos-arm64, r-release-macos-x86_64, r-release-windows-x86_64, r-oldrel-macos-arm64, r-oldrel-macos-x86_64, r-oldrel-windows-ix86+x86_64