Last updated on 2022-05-18 21:53:13 CEST.
Flavor | Version | Tinstall | Tcheck | Ttotal | Status | Flags |
---|---|---|---|---|---|---|
r-devel-linux-x86_64-debian-clang | 0.1.1 | 137.62 | 37.00 | 174.62 | NOTE | |
r-devel-linux-x86_64-debian-gcc | 0.1.1 | 110.00 | 29.16 | 139.16 | NOTE | |
r-devel-linux-x86_64-fedora-clang | 0.1.1 | 270.30 | NOTE | |||
r-devel-linux-x86_64-fedora-gcc | 0.1.1 | 228.17 | NOTE | |||
r-devel-windows-x86_64 | 0.1.1 | 135.00 | 81.00 | 216.00 | NOTE | |
r-patched-linux-x86_64 | 0.1.1 | 111.64 | 35.43 | 147.07 | NOTE | |
r-release-linux-x86_64 | 0.1.1 | 113.38 | 36.03 | 149.41 | NOTE | |
r-release-macos-arm64 | 0.1.1 | 51.00 | NOTE | |||
r-release-macos-x86_64 | 0.1.1 | 79.00 | NOTE | |||
r-release-windows-x86_64 | 0.1.1 | 122.00 | 80.00 | 202.00 | NOTE | |
r-oldrel-macos-arm64 | 0.1.1 | 54.00 | NOTE | |||
r-oldrel-macos-x86_64 | 0.1.1 | 115.00 | NOTE | |||
r-oldrel-windows-ix86+x86_64 | 0.1.1 | 345.00 | 77.00 | 422.00 | NOTE |
Version: 0.1.1
Check: LazyData
Result: NOTE
'LazyData' is specified without a 'data' directory
Flavors: r-devel-linux-x86_64-debian-clang, r-devel-linux-x86_64-debian-gcc, r-devel-linux-x86_64-fedora-clang, r-devel-linux-x86_64-fedora-gcc, r-devel-windows-x86_64, r-patched-linux-x86_64, r-release-linux-x86_64, r-release-macos-arm64, r-release-macos-x86_64, r-release-windows-x86_64, r-oldrel-macos-arm64, r-oldrel-macos-x86_64, r-oldrel-windows-ix86+x86_64
Version: 0.1.1
Check: installed package size
Result: NOTE
installed size is 5.0Mb
sub-directories of 1Mb or more:
libs 4.9Mb
Flavor: r-oldrel-macos-arm64