CRAN Package Check Results for Package ddalpha

Last updated on 2022-05-21 22:58:11 CEST.

Flavor Version Tinstall Tcheck Ttotal Status Flags
r-devel-linux-x86_64-debian-clang 1.3.13 177.02 138.51 315.53 OK
r-devel-linux-x86_64-debian-gcc 1.3.13 131.54 104.43 235.97 OK
r-devel-linux-x86_64-fedora-clang 1.3.13 442.15 NOTE
r-devel-linux-x86_64-fedora-gcc 1.3.13 383.16 OK
r-devel-windows-x86_64 1.3.13 199.00 194.00 393.00 OK
r-patched-linux-x86_64 1.3.13 143.21 131.75 274.96 OK
r-release-linux-x86_64 1.3.13 146.61 128.71 275.32 OK
r-release-macos-arm64 1.3.13 106.00 OK
r-release-macos-x86_64 1.3.13 135.00 OK
r-release-windows-x86_64 1.3.13 195.00 197.00 392.00 OK
r-oldrel-macos-arm64 1.3.13 92.00 OK
r-oldrel-macos-x86_64 1.3.13 128.00 OK
r-oldrel-windows-ix86+x86_64 1.3.13 440.00 224.00 664.00 OK

Check Details

Version: 1.3.13
Check: Rd cross-references
Result: NOTE
    Undeclared package ‘fda.usc’ in Rd xrefs
Flavor: r-devel-linux-x86_64-fedora-clang