CRAN Package Check Results for Package decorators

Last updated on 2022-05-18 00:53:10 CEST.

Flavor Version Tinstall Tcheck Ttotal Status Flags
r-devel-linux-x86_64-debian-clang 0.1.0 1.95 37.63 39.58 NOTE
r-devel-linux-x86_64-debian-gcc 0.1.0 1.85 29.07 30.92 NOTE
r-devel-linux-x86_64-fedora-clang 0.1.0 48.28 NOTE
r-devel-linux-x86_64-fedora-gcc 0.1.0 46.92 NOTE
r-devel-windows-x86_64 0.1.0 15.00 53.00 68.00 NOTE
r-patched-linux-x86_64 0.1.0 2.86 35.63 38.49 NOTE
r-release-linux-x86_64 0.1.0 2.76 35.86 38.62 NOTE
r-release-macos-arm64 0.1.0 17.00 NOTE
r-release-macos-x86_64 0.1.0 23.00 NOTE
r-release-windows-x86_64 0.1.0 15.00 53.00 68.00 NOTE
r-oldrel-macos-arm64 0.1.0 19.00 NOTE
r-oldrel-macos-x86_64 0.1.0 30.00 NOTE
r-oldrel-windows-ix86+x86_64 0.1.0 7.00 44.00 51.00 NOTE

Check Details

Version: 0.1.0
Check: LazyData
Result: NOTE
     'LazyData' is specified without a 'data' directory
Flavors: r-devel-linux-x86_64-debian-clang, r-devel-linux-x86_64-debian-gcc, r-devel-linux-x86_64-fedora-clang, r-devel-linux-x86_64-fedora-gcc, r-devel-windows-x86_64, r-patched-linux-x86_64, r-release-linux-x86_64, r-release-macos-arm64, r-release-macos-x86_64, r-release-windows-x86_64, r-oldrel-macos-arm64, r-oldrel-macos-x86_64, r-oldrel-windows-ix86+x86_64