Last updated on 2023-01-31 22:58:02 CET.
Flavor | Version | Tinstall | Tcheck | Ttotal | Status | Flags |
---|---|---|---|---|---|---|
r-devel-linux-x86_64-debian-clang | 0.3.0 | 55.83 | 81.39 | 137.22 | NOTE | |
r-devel-linux-x86_64-debian-gcc | 0.3.0 | 44.81 | 60.05 | 104.86 | NOTE | |
r-devel-linux-x86_64-fedora-clang | 0.3.0 | 185.68 | NOTE | |||
r-devel-linux-x86_64-fedora-gcc | 0.3.0 | 171.36 | NOTE | |||
r-devel-windows-x86_64 | 0.3.0 | 48.00 | 135.00 | 183.00 | NOTE | |
r-patched-linux-x86_64 | 0.3.0 | 52.34 | 81.33 | 133.67 | NOTE | |
r-release-linux-x86_64 | 0.3.0 | 41.49 | 81.57 | 123.06 | NOTE | |
r-release-macos-arm64 | 0.3.0 | 50.00 | NOTE | |||
r-release-macos-x86_64 | 0.3.0 | 89.00 | NOTE | |||
r-release-windows-x86_64 | 0.3.0 | 53.00 | 138.00 | 191.00 | NOTE | |
r-oldrel-macos-arm64 | 0.3.0 | 63.00 | NOTE | |||
r-oldrel-macos-x86_64 | 0.3.0 | 89.00 | NOTE | |||
r-oldrel-windows-ix86+x86_64 | 0.3.0 | 121.00 | 156.00 | 277.00 | NOTE |
Version: 0.3.0
Check: LazyData
Result: NOTE
'LazyData' is specified without a 'data' directory
Flavors: r-devel-linux-x86_64-debian-clang, r-devel-linux-x86_64-debian-gcc, r-devel-linux-x86_64-fedora-clang, r-devel-linux-x86_64-fedora-gcc, r-devel-windows-x86_64, r-patched-linux-x86_64, r-release-linux-x86_64, r-release-macos-arm64, r-release-macos-x86_64, r-release-windows-x86_64, r-oldrel-macos-arm64, r-oldrel-macos-x86_64, r-oldrel-windows-ix86+x86_64
Version: 0.3.0
Check: installed package size
Result: NOTE
installed size is 5.1Mb
sub-directories of 1Mb or more:
libs 4.9Mb
Flavor: r-oldrel-macos-arm64