Last updated on 2022-05-22 20:49:09 CEST.
Flavor | Version | Tinstall | Tcheck | Ttotal | Status | Flags |
---|---|---|---|---|---|---|
r-devel-linux-x86_64-debian-clang | 1.0-2.1 | 179.46 | 131.87 | 311.33 | OK | |
r-devel-linux-x86_64-debian-gcc | 1.0-2.1 | 158.52 | 103.08 | 261.60 | OK | |
r-devel-linux-x86_64-fedora-clang | 1.0-2.1 | 421.52 | NOTE | |||
r-devel-linux-x86_64-fedora-gcc | 1.0-2.1 | 417.65 | NOTE | |||
r-devel-windows-x86_64 | 1.0-2.1 | 163.00 | 191.00 | 354.00 | OK | |
r-patched-linux-x86_64 | 1.0-2.1 | 168.46 | 130.54 | 299.00 | OK | |
r-release-linux-x86_64 | 1.0-2.1 | 152.08 | 129.52 | 281.60 | OK | |
r-release-macos-arm64 | 1.0-2.1 | 105.00 | NOTE | |||
r-release-macos-x86_64 | 1.0-2.1 | 176.00 | NOTE | |||
r-release-windows-x86_64 | 1.0-2.1 | 148.00 | 187.00 | 335.00 | OK | |
r-oldrel-macos-arm64 | 1.0-2.1 | 106.00 | NOTE | |||
r-oldrel-macos-x86_64 | 1.0-2.1 | 135.00 | NOTE | |||
r-oldrel-windows-ix86+x86_64 | 1.0-2.1 | 419.00 | 227.00 | 646.00 | NOTE |
Version: 1.0-2.1
Check: installed package size
Result: NOTE
installed size is 24.8Mb
sub-directories of 1Mb or more:
doc 1.9Mb
libs 22.6Mb
Flavors: r-devel-linux-x86_64-fedora-clang, r-release-macos-arm64, r-release-macos-x86_64, r-oldrel-macos-arm64, r-oldrel-macos-x86_64, r-oldrel-windows-ix86+x86_64
Version: 1.0-2.1
Check: dependencies in R code
Result: NOTE
Namespaces in Imports field not imported from:
‘methods’ ‘rstantools’
All declared Imports should be used.
Flavors: r-devel-linux-x86_64-fedora-clang, r-devel-linux-x86_64-fedora-gcc, r-release-macos-arm64, r-release-macos-x86_64, r-oldrel-macos-arm64, r-oldrel-macos-x86_64