Last updated on 2023-03-28 04:52:54 CEST.
Flavor | Version | Tinstall | Tcheck | Ttotal | Status | Flags |
---|---|---|---|---|---|---|
r-devel-linux-x86_64-debian-clang | 1.5-0 | 13.01 | 127.85 | 140.86 | NOTE | |
r-devel-linux-x86_64-debian-gcc | 1.5-0 | 8.89 | 92.41 | 101.30 | NOTE | |
r-devel-linux-x86_64-fedora-clang | 1.5-0 | 169.79 | NOTE | |||
r-devel-linux-x86_64-fedora-gcc | 1.5-0 | 186.57 | NOTE | |||
r-patched-linux-x86_64 | 1.5-0 | 13.82 | 121.13 | 134.95 | NOTE | |
r-release-linux-x86_64 | 1.5-0 | 12.29 | 125.89 | 138.18 | NOTE | |
r-release-macos-arm64 | 1.5-0 | 51.00 | NOTE | |||
r-release-macos-x86_64 | 1.5-0 | 73.00 | NOTE | |||
r-release-windows-x86_64 | 1.5-0 | 78.00 | 198.00 | 276.00 | NOTE | |
r-oldrel-macos-arm64 | 1.5-0 | 64.00 | NOTE | |||
r-oldrel-macos-x86_64 | 1.5-0 | 115.00 | NOTE | |||
r-oldrel-windows-ix86+x86_64 | 1.5-0 | 25.00 | 208.00 | 233.00 | NOTE |
Version: 1.5-0
Check: package dependencies
Result: NOTE
Package suggested but not available for checking: ‘Rdonlp2’
Flavors: r-devel-linux-x86_64-debian-clang, r-devel-linux-x86_64-debian-gcc, r-devel-linux-x86_64-fedora-clang, r-devel-linux-x86_64-fedora-gcc, r-patched-linux-x86_64, r-release-linux-x86_64, r-release-macos-arm64, r-release-macos-x86_64, r-release-windows-x86_64, r-oldrel-macos-arm64, r-oldrel-macos-x86_64, r-oldrel-windows-ix86+x86_64