CRAN Package Check Results for Package describer

Last updated on 2022-05-16 11:51:25 CEST.

Flavor Version Tinstall Tcheck Ttotal Status Flags
r-devel-linux-x86_64-debian-clang 0.2.0 1.98 30.96 32.94 NOTE
r-devel-linux-x86_64-debian-gcc 0.2.0 1.61 24.02 25.63 NOTE
r-devel-linux-x86_64-fedora-clang 0.2.0 39.89 NOTE
r-devel-linux-x86_64-fedora-gcc 0.2.0 38.77 NOTE
r-devel-windows-x86_64 0.2.0 15.00 45.00 60.00 NOTE
r-patched-linux-x86_64 0.2.0 1.70 30.09 31.79 NOTE
r-release-linux-x86_64 0.2.0 1.86 30.29 32.15 NOTE
r-release-macos-arm64 0.2.0 15.00 NOTE
r-release-macos-x86_64 0.2.0 20.00 NOTE
r-release-windows-x86_64 0.2.0 12.00 50.00 62.00 NOTE
r-oldrel-macos-arm64 0.2.0 18.00 NOTE
r-oldrel-macos-x86_64 0.2.0 27.00 NOTE
r-oldrel-windows-ix86+x86_64 0.2.0 4.00 40.00 44.00 NOTE

Check Details

Version: 0.2.0
Check: LazyData
Result: NOTE
     'LazyData' is specified without a 'data' directory
Flavors: r-devel-linux-x86_64-debian-clang, r-devel-linux-x86_64-debian-gcc, r-devel-linux-x86_64-fedora-clang, r-devel-linux-x86_64-fedora-gcc, r-devel-windows-x86_64, r-patched-linux-x86_64, r-release-linux-x86_64, r-release-macos-arm64, r-release-macos-x86_64, r-release-windows-x86_64, r-oldrel-macos-arm64, r-oldrel-macos-x86_64, r-oldrel-windows-ix86+x86_64