CRAN Package Check Results for Package desctable

Last updated on 2022-01-28 23:00:32 CET.

Flavor Version Tinstall Tcheck Ttotal Status Flags
r-devel-linux-x86_64-debian-clang 0.1.9 6.02 72.00 78.02 NOTE
r-devel-linux-x86_64-debian-gcc 0.1.9 5.10 54.60 59.70 NOTE
r-devel-linux-x86_64-fedora-clang 0.1.9 87.84 NOTE
r-devel-linux-x86_64-fedora-gcc 0.1.9 77.09 NOTE
r-devel-windows-x86_64-new-UL 0.1.9 68.00 93.00 161.00 NOTE
r-devel-windows-x86_64-new-TK 0.1.9 NOTE
r-patched-linux-x86_64 0.1.9 10.24 60.70 70.94 NOTE
r-release-linux-x86_64 0.1.9 5.54 62.02 67.56 NOTE
r-release-macos-arm64 0.1.9 NOTE
r-release-macos-x86_64 0.1.9 NOTE
r-release-windows-ix86+x86_64 0.1.9 14.00 78.00 92.00 NOTE
r-oldrel-macos-x86_64 0.1.9 OK
r-oldrel-windows-ix86+x86_64 0.1.9 14.00 79.00 93.00 OK

Check Details

Version: 0.1.9
Check: LazyData
Result: NOTE
     'LazyData' is specified without a 'data' directory
Flavors: r-devel-linux-x86_64-debian-clang, r-devel-linux-x86_64-debian-gcc, r-devel-linux-x86_64-fedora-clang, r-devel-linux-x86_64-fedora-gcc, r-devel-windows-x86_64-new-UL, r-devel-windows-x86_64-new-TK, r-patched-linux-x86_64, r-release-linux-x86_64, r-release-macos-arm64, r-release-macos-x86_64, r-release-windows-ix86+x86_64

Version: 0.1.9
Check: Rd cross-references
Result: NOTE
    Undeclared package ‘htmlwidgets’ in Rd xrefs
Flavor: r-devel-linux-x86_64-fedora-clang