Last updated on 2022-05-20 21:52:49 CEST.
Flavor | Version | Tinstall | Tcheck | Ttotal | Status | Flags |
---|---|---|---|---|---|---|
r-devel-linux-x86_64-debian-clang | 0.1.0 | 51.90 | 43.53 | 95.43 | OK | |
r-devel-linux-x86_64-debian-gcc | 0.1.0 | 45.53 | 31.95 | 77.48 | OK | |
r-devel-linux-x86_64-fedora-clang | 0.1.0 | 132.98 | OK | |||
r-devel-linux-x86_64-fedora-gcc | 0.1.0 | 120.09 | OK | |||
r-devel-windows-x86_64 | 0.1.0 | 48.00 | 75.00 | 123.00 | OK | |
r-patched-linux-x86_64 | 0.1.0 | 49.47 | 39.87 | 89.34 | OK | |
r-release-linux-x86_64 | 0.1.0 | 42.30 | 39.94 | 82.24 | OK | |
r-release-macos-arm64 | 0.1.0 | 32.00 | NOTE | |||
r-release-macos-x86_64 | 0.1.0 | 42.00 | NOTE | |||
r-release-windows-x86_64 | 0.1.0 | 42.00 | 81.00 | 123.00 | OK | |
r-oldrel-macos-arm64 | 0.1.0 | 38.00 | NOTE | |||
r-oldrel-macos-x86_64 | 0.1.0 | 44.00 | NOTE | |||
r-oldrel-windows-ix86+x86_64 | 0.1.0 | 117.00 | 82.00 | 199.00 | OK |
Version: 0.1.0
Check: installed package size
Result: NOTE
installed size is 5.0Mb
sub-directories of 1Mb or more:
libs 4.9Mb
Flavors: r-release-macos-arm64, r-release-macos-x86_64, r-oldrel-macos-arm64, r-oldrel-macos-x86_64