CRAN Package Check Results for Package detectRUNS

Last updated on 2022-05-20 12:53:22 CEST.

Flavor Version Tinstall Tcheck Ttotal Status Flags
r-devel-linux-x86_64-debian-clang 0.9.6 33.49 111.28 144.77 NOTE
r-devel-linux-x86_64-debian-gcc 0.9.6 25.45 82.59 108.04 NOTE
r-devel-linux-x86_64-fedora-clang 0.9.6 177.68 NOTE
r-devel-windows-x86_64 0.9.6 72.00 154.00 226.00 NOTE
r-patched-linux-x86_64 0.9.6 30.06 105.63 135.69 NOTE
r-release-linux-x86_64 0.9.6 27.11 102.50 129.61 NOTE
r-release-macos-arm64 0.9.6 50.00 NOTE
r-release-macos-x86_64 0.9.6 91.00 NOTE
r-release-windows-x86_64 0.9.6 76.00 158.00 234.00 NOTE
r-oldrel-macos-arm64 0.9.6 68.00 NOTE
r-oldrel-macos-x86_64 0.9.6 94.00 NOTE
r-oldrel-windows-ix86+x86_64 0.9.6 79.00 174.00 253.00 NOTE

Check Details

Version: 0.9.6
Check: LazyData
Result: NOTE
     'LazyData' is specified without a 'data' directory
Flavors: r-devel-linux-x86_64-debian-clang, r-devel-linux-x86_64-debian-gcc, r-devel-linux-x86_64-fedora-clang, r-devel-windows-x86_64, r-patched-linux-x86_64, r-release-linux-x86_64, r-release-macos-arm64, r-release-macos-x86_64, r-release-windows-x86_64, r-oldrel-macos-arm64, r-oldrel-macos-x86_64, r-oldrel-windows-ix86+x86_64

Version: 0.9.6
Check: installed package size
Result: NOTE
     installed size is 5.1Mb
     sub-directories of 1Mb or more:
     extdata 2.1Mb
     libs 2.2Mb
Flavors: r-release-macos-arm64, r-release-macos-x86_64, r-oldrel-macos-arm64, r-oldrel-macos-x86_64, r-oldrel-windows-ix86+x86_64