CRAN Package Check Results for Package diffdf

Last updated on 2023-05-30 14:56:43 CEST.

Flavor Version Tinstall Tcheck Ttotal Status Flags
r-devel-linux-x86_64-debian-clang 1.0.4 4.70 66.81 71.51 NOTE
r-devel-linux-x86_64-debian-gcc 1.0.4 4.25 50.76 55.01 NOTE
r-devel-linux-x86_64-fedora-clang 1.0.4 90.48 NOTE
r-devel-linux-x86_64-fedora-gcc 1.0.4 97.79 NOTE
r-devel-windows-x86_64 1.0.4 6.00 73.00 79.00 NOTE
r-patched-linux-x86_64 1.0.4 4.55 63.59 68.14 NOTE
r-release-linux-x86_64 1.0.4 4.82 63.48 68.30 NOTE
r-release-macos-arm64 1.0.4 35.00 NOTE
r-release-macos-x86_64 1.0.4 58.00 NOTE
r-release-windows-x86_64 1.0.4 7.00 84.00 91.00 NOTE
r-oldrel-macos-arm64 1.0.4 24.00 NOTE
r-oldrel-macos-x86_64 1.0.4 42.00 NOTE
r-oldrel-windows-x86_64 1.0.4 8.00 83.00 91.00 NOTE

Check Details

Version: 1.0.4
Check: LazyData
Result: NOTE
     'LazyData' is specified without a 'data' directory
Flavors: r-devel-linux-x86_64-debian-clang, r-devel-linux-x86_64-debian-gcc, r-devel-linux-x86_64-fedora-clang, r-devel-linux-x86_64-fedora-gcc, r-devel-windows-x86_64, r-patched-linux-x86_64, r-release-linux-x86_64, r-release-macos-arm64, r-release-macos-x86_64, r-release-windows-x86_64, r-oldrel-macos-arm64, r-oldrel-macos-x86_64, r-oldrel-windows-x86_64