CRAN Package Check Results for Package disparityfilter

Last updated on 2022-05-18 16:49:47 CEST.

Flavor Version Tinstall Tcheck Ttotal Status Flags
r-devel-linux-x86_64-debian-clang 2.2.3 1.48 38.80 40.28 NOTE
r-devel-linux-x86_64-debian-gcc 2.2.3 1.80 30.31 32.11 NOTE
r-devel-linux-x86_64-fedora-clang 2.2.3 50.24 NOTE
r-devel-linux-x86_64-fedora-gcc 2.2.3 48.95 NOTE
r-devel-windows-x86_64 2.2.3 13.00 56.00 69.00 NOTE
r-patched-linux-x86_64 2.2.3 2.01 38.28 40.29 NOTE
r-release-linux-x86_64 2.2.3 2.27 37.41 39.68 NOTE
r-release-macos-arm64 2.2.3 20.00 NOTE
r-release-macos-x86_64 2.2.3 23.00 NOTE
r-release-windows-x86_64 2.2.3 13.00 54.00 67.00 NOTE
r-oldrel-macos-arm64 2.2.3 26.00 NOTE
r-oldrel-macos-x86_64 2.2.3 35.00 NOTE
r-oldrel-windows-ix86+x86_64 2.2.3 5.00 49.00 54.00 NOTE

Check Details

Version: 2.2.3
Check: LazyData
Result: NOTE
     'LazyData' is specified without a 'data' directory
Flavors: r-devel-linux-x86_64-debian-clang, r-devel-linux-x86_64-debian-gcc, r-devel-linux-x86_64-fedora-clang, r-devel-linux-x86_64-fedora-gcc, r-devel-windows-x86_64, r-patched-linux-x86_64, r-release-linux-x86_64, r-release-macos-arm64, r-release-macos-x86_64, r-release-windows-x86_64, r-oldrel-macos-arm64, r-oldrel-macos-x86_64, r-oldrel-windows-ix86+x86_64