Last updated on 2022-05-17 11:49:37 CEST.
Flavor | Version | Tinstall | Tcheck | Ttotal | Status | Flags |
---|---|---|---|---|---|---|
r-devel-linux-x86_64-debian-clang | 2.8.4 | 43.82 | 221.56 | 265.38 | NOTE | |
r-devel-linux-x86_64-debian-gcc | 2.8.4 | 38.02 | 162.88 | 200.90 | NOTE | |
r-devel-linux-x86_64-fedora-clang | 2.8.4 | 315.10 | NOTE | |||
r-devel-linux-x86_64-fedora-gcc | 2.8.4 | 311.59 | OK | |||
r-devel-windows-x86_64 | 2.8.4 | 197.00 | 268.00 | 465.00 | OK | |
r-patched-linux-x86_64 | 2.8.4 | 58.60 | 206.13 | 264.73 | OK | |
r-release-linux-x86_64 | 2.8.4 | 48.24 | 202.49 | 250.73 | OK | |
r-release-macos-arm64 | 2.8.4 | 82.00 | OK | |||
r-release-macos-x86_64 | 2.8.4 | 157.00 | OK | |||
r-release-windows-x86_64 | 2.8.4 | 287.00 | 272.00 | 559.00 | OK | |
r-oldrel-macos-arm64 | 2.8.4 | 126.00 | OK | |||
r-oldrel-macos-x86_64 | 2.8.4 | 186.00 | OK | |||
r-oldrel-windows-ix86+x86_64 | 2.8.4 | 83.00 | 252.00 | 335.00 | OK |
Version: 2.8.4
Check: HTML version of manual
Result: NOTE
Found the following problems:
confint-methods.Rd:104:38: Warning: nested emphasis <code>
confint-methods.Rd:111:38: Warning: nested emphasis <code>
trafo-methods.Rd:166:38: Warning: nested emphasis <code>
trafo-methods.Rd:171:38: Warning: nested emphasis <code>
trafo-methods.Rd:176:38: Warning: nested emphasis <code>
trafo-methods.Rd:180:38: Warning: nested emphasis <code>
trafo-methods.Rd:184:38: Warning: nested emphasis <code>
Flavors: r-devel-linux-x86_64-debian-clang, r-devel-linux-x86_64-debian-gcc
Version: 2.8.4
Check: Rd cross-references
Result: NOTE
Undeclared package ‘RobAStBase’ in Rd xrefs
Flavor: r-devel-linux-x86_64-fedora-clang