Last updated on 2022-05-25 13:53:48 CEST.
Flavor | Version | Tinstall | Tcheck | Ttotal | Status | Flags |
---|---|---|---|---|---|---|
r-devel-linux-x86_64-debian-clang | 0.9-16 | 77.00 | 133.01 | 210.01 | OK | |
r-devel-linux-x86_64-debian-gcc | 0.9-16 | 64.71 | 99.63 | 164.34 | OK | |
r-devel-linux-x86_64-fedora-clang | 0.9-16 | 279.02 | NOTE | |||
r-devel-linux-x86_64-fedora-gcc | 0.9-16 | 261.98 | OK | |||
r-devel-windows-x86_64 | 0.9-16 | 258.00 | 161.00 | 419.00 | OK | |
r-patched-linux-x86_64 | 0.9-16 | 75.87 | 127.55 | 203.42 | OK | |
r-release-linux-x86_64 | 0.9-16 | OK | ||||
r-release-macos-arm64 | 0.9-16 | 70.00 | NOTE | |||
r-release-macos-x86_64 | 0.9-16 | 92.00 | NOTE | |||
r-release-windows-x86_64 | 0.9-16 | 271.00 | 163.00 | 434.00 | OK | |
r-oldrel-macos-arm64 | 0.9-16 | 77.00 | NOTE | |||
r-oldrel-macos-x86_64 | 0.9-16 | 95.00 | NOTE | |||
r-oldrel-windows-ix86+x86_64 | 0.9-16 | 196.00 | 224.00 | 420.00 | NOTE |
Version: 0.9-16
Check: installed package size
Result: NOTE
installed size is 5.4Mb
sub-directories of 1Mb or more:
libs 4.2Mb
Flavors: r-devel-linux-x86_64-fedora-clang, r-release-macos-arm64, r-release-macos-x86_64, r-oldrel-macos-arm64, r-oldrel-macos-x86_64, r-oldrel-windows-ix86+x86_64