CRAN Package Check Results for Package dlbayes

Last updated on 2022-05-21 17:50:49 CEST.

Flavor Version Tinstall Tcheck Ttotal Status Flags
r-devel-linux-x86_64-debian-clang 0.1.0 1.59 57.51 59.10 NOTE
r-devel-linux-x86_64-debian-gcc 0.1.0 1.44 41.88 43.32 NOTE
r-devel-linux-x86_64-fedora-clang 0.1.0 69.23 NOTE
r-devel-linux-x86_64-fedora-gcc 0.1.0 67.51 NOTE
r-devel-windows-x86_64 0.1.0 10.00 71.00 81.00 NOTE
r-patched-linux-x86_64 0.1.0 2.45 54.75 57.20 NOTE
r-release-linux-x86_64 0.1.0 2.43 53.23 55.66 NOTE
r-release-macos-arm64 0.1.0 20.00 NOTE
r-release-macos-x86_64 0.1.0 31.00 NOTE
r-release-windows-x86_64 0.1.0 9.00 71.00 80.00 NOTE
r-oldrel-macos-arm64 0.1.0 27.00 NOTE
r-oldrel-macos-x86_64 0.1.0 33.00 NOTE
r-oldrel-windows-ix86+x86_64 0.1.0 7.00 69.00 76.00 NOTE

Check Details

Version: 0.1.0
Check: LazyData
Result: NOTE
     'LazyData' is specified without a 'data' directory
Flavors: r-devel-linux-x86_64-debian-clang, r-devel-linux-x86_64-debian-gcc, r-devel-linux-x86_64-fedora-clang, r-devel-linux-x86_64-fedora-gcc, r-devel-windows-x86_64, r-patched-linux-x86_64, r-release-linux-x86_64, r-release-macos-arm64, r-release-macos-x86_64, r-release-windows-x86_64, r-oldrel-macos-arm64, r-oldrel-macos-x86_64, r-oldrel-windows-ix86+x86_64