CRAN Package Check Results for Package dmtools

Last updated on 2023-02-05 16:52:38 CET.

Flavor Version Tinstall Tcheck Ttotal Status Flags
r-devel-linux-x86_64-debian-clang 0.2.6 3.34 67.96 71.30 NOTE
r-devel-linux-x86_64-debian-gcc 0.2.6 2.97 50.56 53.53 NOTE
r-devel-linux-x86_64-fedora-clang 0.2.6 80.18 NOTE
r-devel-linux-x86_64-fedora-gcc 0.2.6 97.41 NOTE
r-devel-windows-x86_64 0.2.6 24.00 116.00 140.00 NOTE
r-patched-linux-x86_64 0.2.6 3.19 65.17 68.36 NOTE
r-release-linux-x86_64 0.2.6 4.05 61.33 65.38 NOTE
r-release-macos-arm64 0.2.6 27.00 NOTE
r-release-macos-x86_64 0.2.6 51.00 NOTE
r-release-windows-x86_64 0.2.6 34.00 103.00 137.00 NOTE
r-oldrel-macos-arm64 0.2.6 31.00 NOTE
r-oldrel-macos-x86_64 0.2.6 47.00 NOTE
r-oldrel-windows-ix86+x86_64 0.2.6 9.00 103.00 112.00 NOTE

Check Details

Version: 0.2.6
Check: LazyData
Result: NOTE
     'LazyData' is specified without a 'data' directory
Flavors: r-devel-linux-x86_64-debian-clang, r-devel-linux-x86_64-debian-gcc, r-devel-linux-x86_64-fedora-clang, r-devel-linux-x86_64-fedora-gcc, r-devel-windows-x86_64, r-patched-linux-x86_64, r-release-linux-x86_64, r-release-macos-arm64, r-release-macos-x86_64, r-release-windows-x86_64, r-oldrel-macos-arm64, r-oldrel-macos-x86_64, r-oldrel-windows-ix86+x86_64