CRAN Package Check Results for Package doParallel

Last updated on 2022-01-27 12:53:46 CET.

Flavor Version Tinstall Tcheck Ttotal Status Flags
r-devel-linux-x86_64-debian-clang 1.0.16 2.11 135.67 137.78 NOTE
r-devel-linux-x86_64-debian-gcc 1.0.16 2.03 103.17 105.20 NOTE
r-devel-linux-x86_64-fedora-clang 1.0.16 159.81 OK
r-devel-linux-x86_64-fedora-gcc 1.0.16 153.59 OK
r-devel-windows-x86_64-new-UL 1.0.16 36.00 155.00 191.00 OK
r-devel-windows-x86_64-new-TK 1.0.16 OK
r-patched-linux-x86_64 1.0.16 2.46 127.73 130.19 NOTE
r-release-linux-x86_64 1.0.16 1.65 128.34 129.99 NOTE
r-release-macos-arm64 1.0.16 OK
r-release-macos-x86_64 1.0.16 OK
r-release-windows-ix86+x86_64 1.0.16 6.00 150.00 156.00 OK
r-oldrel-macos-x86_64 1.0.16 OK
r-oldrel-windows-ix86+x86_64 1.0.16 6.00 155.00 161.00 OK

Check Details

Version: 1.0.16
Check: R code for possible problems
Result: NOTE
    Found the following calls to attach():
    File 'doParallel/R/doParallel.R':
     attach(exportEnv)
    See section 'Good practice' in '?attach'.
Flavors: r-devel-linux-x86_64-debian-clang, r-devel-linux-x86_64-debian-gcc, r-patched-linux-x86_64, r-release-linux-x86_64