Last updated on 2022-05-20 05:54:26 CEST.
Flavor | Version | Tinstall | Tcheck | Ttotal | Status | Flags |
---|---|---|---|---|---|---|
r-devel-linux-x86_64-debian-clang | 1.0.20 | 1.88 | 33.84 | 35.72 | NOTE | |
r-devel-linux-x86_64-debian-gcc | 1.0.20 | 1.93 | 26.65 | 28.58 | NOTE | |
r-devel-linux-x86_64-fedora-clang | 1.0.20 | 44.78 | OK | |||
r-devel-linux-x86_64-fedora-gcc | 1.0.20 | 42.92 | OK | |||
r-devel-windows-x86_64 | 1.0.20 | 13.00 | 50.00 | 63.00 | OK | |
r-patched-linux-x86_64 | 1.0.20 | 2.40 | 33.05 | 35.45 | NOTE | |
r-release-linux-x86_64 | 1.0.20 | 2.47 | 33.17 | 35.64 | NOTE | |
r-release-macos-arm64 | 1.0.20 | 16.00 | OK | |||
r-release-macos-x86_64 | 1.0.20 | 23.00 | OK | |||
r-release-windows-x86_64 | 1.0.20 | 10.00 | 50.00 | 60.00 | OK | |
r-oldrel-macos-arm64 | 1.0.20 | 13.00 | OK | |||
r-oldrel-macos-x86_64 | 1.0.20 | 23.00 | OK | |||
r-oldrel-windows-ix86+x86_64 | 1.0.20 | 6.00 | 43.00 | 49.00 | OK |
Version: 1.0.20
Check: R code for possible problems
Result: NOTE
Found the following calls to attach():
File 'doSNOW/R/doSNOW.R':
attach(exportEnv)
See section 'Good practice' in '?attach'.
Flavors: r-devel-linux-x86_64-debian-clang, r-devel-linux-x86_64-debian-gcc, r-patched-linux-x86_64, r-release-linux-x86_64