CRAN Package Check Results for Package docxtractr

Last updated on 2022-05-27 19:53:53 CEST.

Flavor Version Tinstall Tcheck Ttotal Status Flags
r-devel-linux-x86_64-debian-clang 0.6.5 4.66 62.42 67.08 NOTE
r-devel-linux-x86_64-debian-gcc 0.6.5 4.38 46.73 51.11 NOTE
r-devel-linux-x86_64-fedora-clang 0.6.5 80.85 NOTE
r-devel-linux-x86_64-fedora-gcc 0.6.5 78.87 NOTE
r-devel-windows-x86_64 0.6.5 28.00 81.00 109.00 NOTE
r-patched-linux-x86_64 0.6.5 5.79 59.52 65.31 NOTE
r-release-linux-x86_64 0.6.5 4.52 58.96 63.48 NOTE
r-release-macos-arm64 0.6.5 33.00 NOTE
r-release-macos-x86_64 0.6.5 42.00 NOTE
r-release-windows-x86_64 0.6.5 31.00 81.00 112.00 NOTE
r-oldrel-macos-arm64 0.6.5 44.00 NOTE
r-oldrel-macos-x86_64 0.6.5 68.00 NOTE
r-oldrel-windows-ix86+x86_64 0.6.5 14.00 72.00 86.00 NOTE

Check Details

Version: 0.6.5
Check: LazyData
Result: NOTE
     'LazyData' is specified without a 'data' directory
Flavors: r-devel-linux-x86_64-debian-clang, r-devel-linux-x86_64-debian-gcc, r-devel-linux-x86_64-fedora-clang, r-devel-linux-x86_64-fedora-gcc, r-devel-windows-x86_64, r-patched-linux-x86_64, r-release-linux-x86_64, r-release-macos-arm64, r-release-macos-x86_64, r-release-windows-x86_64, r-oldrel-macos-arm64, r-oldrel-macos-x86_64, r-oldrel-windows-ix86+x86_64