CRAN Package Check Results for Package dotgen

Last updated on 2022-05-20 01:51:03 CEST.

Flavor Version Tinstall Tcheck Ttotal Status Flags
r-devel-linux-x86_64-debian-clang 0.1.0 1.90 33.42 35.32 NOTE
r-devel-linux-x86_64-debian-gcc 0.1.0 1.44 25.71 27.15 NOTE
r-devel-linux-x86_64-fedora-clang 0.1.0 43.89 NOTE
r-devel-linux-x86_64-fedora-gcc 0.1.0 41.45 NOTE
r-devel-windows-x86_64 0.1.0 14.00 51.00 65.00 NOTE
r-patched-linux-x86_64 0.1.0 1.79 32.15 33.94 NOTE
r-release-linux-x86_64 0.1.0 2.10 32.33 34.43 NOTE
r-release-macos-arm64 0.1.0 15.00 NOTE
r-release-macos-x86_64 0.1.0 20.00 NOTE
r-release-windows-x86_64 0.1.0 6.00 48.00 54.00 NOTE
r-oldrel-macos-arm64 0.1.0 20.00 NOTE
r-oldrel-macos-x86_64 0.1.0 29.00 NOTE
r-oldrel-windows-ix86+x86_64 0.1.0 4.00 48.00 52.00 NOTE

Check Details

Version: 0.1.0
Check: LazyData
Result: NOTE
     'LazyData' is specified without a 'data' directory
Flavors: r-devel-linux-x86_64-debian-clang, r-devel-linux-x86_64-debian-gcc, r-devel-linux-x86_64-fedora-clang, r-devel-linux-x86_64-fedora-gcc, r-devel-windows-x86_64, r-patched-linux-x86_64, r-release-linux-x86_64, r-release-macos-arm64, r-release-macos-x86_64, r-release-windows-x86_64, r-oldrel-macos-arm64, r-oldrel-macos-x86_64, r-oldrel-windows-ix86+x86_64