CRAN Package Check Results for Package dotwhisker

Last updated on 2022-05-21 07:07:29 CEST.

Flavor Version Tinstall Tcheck Ttotal Status Flags
r-devel-linux-x86_64-debian-clang 0.7.4 6.77 166.21 172.98 OK
r-devel-linux-x86_64-debian-gcc 0.7.4 5.66 123.18 128.84 OK
r-devel-linux-x86_64-fedora-clang 0.7.4 211.78 NOTE
r-devel-linux-x86_64-fedora-gcc 0.7.4 202.61 OK
r-devel-windows-x86_64 0.7.4 26.00 178.00 204.00 OK
r-patched-linux-x86_64 0.7.4 11.30 151.43 162.73 OK
r-release-linux-x86_64 0.7.4 7.32 154.95 162.27 OK
r-release-macos-arm64 0.7.4 55.00 OK
r-release-macos-x86_64 0.7.4 112.00 OK
r-release-windows-x86_64 0.7.4 24.00 182.00 206.00 OK
r-oldrel-macos-arm64 0.7.4 87.00 OK
r-oldrel-macos-x86_64 0.7.4 78.00 OK
r-oldrel-windows-ix86+x86_64 0.7.4 28.00 167.00 195.00 OK

Check Details

Version: 0.7.4
Check: Rd cross-references
Result: NOTE
    Undeclared package ‘broomExtra’ in Rd xrefs
Flavor: r-devel-linux-x86_64-fedora-clang