CRAN Package Check Results for Package dplyrAssist

Last updated on 2022-05-24 13:50:19 CEST.

Flavor Version Tinstall Tcheck Ttotal Status Flags
r-devel-linux-x86_64-debian-clang 0.1.0 4.34 62.85 67.19 NOTE
r-devel-linux-x86_64-debian-gcc 0.1.0 5.25 48.26 53.51 NOTE
r-devel-linux-x86_64-fedora-clang 0.1.0 81.12 NOTE
r-devel-linux-x86_64-fedora-gcc 0.1.0 79.71 NOTE
r-devel-windows-x86_64 0.1.0 24.00 83.00 107.00 NOTE
r-patched-linux-x86_64 0.1.0 3.79 59.79 63.58 NOTE
r-release-linux-x86_64 0.1.0 NOTE
r-release-macos-arm64 0.1.0 29.00 NOTE
r-release-macos-x86_64 0.1.0 43.00 NOTE
r-release-windows-x86_64 0.1.0 21.00 87.00 108.00 NOTE
r-oldrel-macos-arm64 0.1.0 27.00 NOTE
r-oldrel-macos-x86_64 0.1.0 49.00 NOTE
r-oldrel-windows-ix86+x86_64 0.1.0 18.00 84.00 102.00 NOTE

Check Details

Version: 0.1.0
Check: LazyData
Result: NOTE
     'LazyData' is specified without a 'data' directory
Flavors: r-devel-linux-x86_64-debian-clang, r-devel-linux-x86_64-debian-gcc, r-devel-linux-x86_64-fedora-clang, r-devel-linux-x86_64-fedora-gcc, r-devel-windows-x86_64, r-patched-linux-x86_64, r-release-linux-x86_64, r-release-macos-arm64, r-release-macos-x86_64, r-release-windows-x86_64, r-oldrel-macos-arm64, r-oldrel-macos-x86_64, r-oldrel-windows-ix86+x86_64

Version: 0.1.0
Check: dependencies in R code
Result: NOTE
    Namespaces in Imports field not imported from:
     ‘tidyr’ ‘tidyverse’
     All declared Imports should be used.
Flavors: r-devel-linux-x86_64-fedora-clang, r-devel-linux-x86_64-fedora-gcc, r-release-macos-arm64, r-release-macos-x86_64, r-oldrel-macos-arm64, r-oldrel-macos-x86_64