CRAN Package Check Results for Package dragracer

Last updated on 2024-05-19 12:53:44 CEST.

Flavor Version Tinstall Tcheck Ttotal Status Flags
r-devel-linux-x86_64-debian-clang 0.1.7 1.66 28.08 29.74 OK
r-devel-linux-x86_64-debian-gcc 0.1.7 1.46 22.22 23.68 OK
r-devel-linux-x86_64-fedora-clang 0.1.7 42.14 NOTE
r-devel-linux-x86_64-fedora-gcc 0.1.7 56.10 NOTE
r-devel-windows-x86_64 0.1.7 2.00 45.00 47.00 OK
r-patched-linux-x86_64 0.1.7 1.86 27.31 29.17 OK
r-release-linux-x86_64 0.1.7 1.98 27.23 29.21 OK
r-release-macos-arm64 0.1.7 24.00 OK
r-release-windows-x86_64 0.1.7 3.00 45.00 48.00 OK
r-oldrel-macos-arm64 0.1.7 24.00 OK
r-oldrel-macos-x86_64 0.1.7 33.00 OK
r-oldrel-windows-x86_64 0.1.7 3.00 47.00 50.00 OK

Check Details

Version: 0.1.7
Check: data for non-ASCII characters
Result: NOTE Note: found 103 marked UTF-8 strings Flavors: r-devel-linux-x86_64-fedora-clang, r-devel-linux-x86_64-fedora-gcc