CRAN Package Check Results for Package dragracer

Last updated on 2022-05-18 01:49:50 CEST.

Flavor Version Tinstall Tcheck Ttotal Status Flags
r-devel-linux-x86_64-debian-clang 0.1.7 1.81 36.02 37.83 OK
r-devel-linux-x86_64-debian-gcc 0.1.7 1.51 27.79 29.30 OK
r-devel-linux-x86_64-fedora-clang 0.1.7 45.97 NOTE
r-devel-linux-x86_64-fedora-gcc 0.1.7 47.77 NOTE
r-devel-windows-x86_64 0.1.7 22.00 54.00 76.00 OK
r-patched-linux-x86_64 0.1.7 1.61 34.85 36.46 OK
r-release-linux-x86_64 0.1.7 1.59 34.61 36.20 OK
r-release-macos-arm64 0.1.7 17.00 NOTE
r-release-macos-x86_64 0.1.7 24.00 NOTE
r-release-windows-x86_64 0.1.7 14.00 56.00 70.00 OK
r-oldrel-macos-arm64 0.1.7 17.00 NOTE
r-oldrel-macos-x86_64 0.1.7 43.00 NOTE
r-oldrel-windows-ix86+x86_64 0.1.7 5.00 50.00 55.00 OK

Check Details

Version: 0.1.7
Check: data for non-ASCII characters
Result: NOTE
     Note: found 103 marked UTF-8 strings
Flavors: r-devel-linux-x86_64-fedora-clang, r-devel-linux-x86_64-fedora-gcc, r-release-macos-arm64, r-release-macos-x86_64, r-oldrel-macos-arm64, r-oldrel-macos-x86_64