Last updated on 2022-05-16 20:52:42 CEST.
Flavor | Version | Tinstall | Tcheck | Ttotal | Status | Flags |
---|---|---|---|---|---|---|
r-devel-linux-x86_64-debian-clang | 0.3.0 | 14.65 | 186.35 | 201.00 | OK | |
r-devel-linux-x86_64-debian-gcc | 0.3.0 | 12.05 | 140.00 | 152.05 | OK | |
r-devel-linux-x86_64-fedora-clang | 0.3.0 | 239.22 | NOTE | |||
r-devel-linux-x86_64-fedora-gcc | 0.3.0 | 231.35 | OK | |||
r-devel-windows-x86_64 | 0.3.0 | 34.00 | 200.00 | 234.00 | NOTE | |
r-patched-linux-x86_64 | 0.3.0 | 11.51 | 177.22 | 188.73 | OK | |
r-release-linux-x86_64 | 0.3.0 | 12.34 | 175.59 | 187.93 | OK | |
r-release-macos-arm64 | 0.3.0 | 72.00 | NOTE | |||
r-release-macos-x86_64 | 0.3.0 | 112.00 | NOTE | |||
r-release-windows-x86_64 | 0.3.0 | 35.00 | 199.00 | 234.00 | NOTE | |
r-oldrel-macos-arm64 | 0.3.0 | 64.00 | NOTE | |||
r-oldrel-macos-x86_64 | 0.3.0 | 89.00 | NOTE | |||
r-oldrel-windows-ix86+x86_64 | 0.3.0 | 31.00 | 202.00 | 233.00 | NOTE |
Version: 0.3.0
Check: installed package size
Result: NOTE
installed size is 5.5Mb
sub-directories of 1Mb or more:
data 1.7Mb
extdata 3.2Mb
Flavors: r-devel-linux-x86_64-fedora-clang, r-devel-windows-x86_64, r-release-macos-arm64, r-release-macos-x86_64, r-release-windows-x86_64, r-oldrel-macos-arm64, r-oldrel-macos-x86_64, r-oldrel-windows-ix86+x86_64