CRAN Package Check Results for Package dscore

Last updated on 2024-05-23 00:59:06 CEST.

Flavor Version Tinstall Tcheck Ttotal Status Flags
r-devel-linux-x86_64-debian-clang 1.8.0 39.63 93.91 133.54 NOTE
r-devel-linux-x86_64-debian-gcc 1.8.0 26.37 71.61 97.98 NOTE
r-devel-linux-x86_64-fedora-clang 1.8.0 183.46 NOTE
r-devel-linux-x86_64-fedora-gcc 1.8.0 185.62 NOTE
r-devel-windows-x86_64 1.8.0 31.00 110.00 141.00 NOTE
r-patched-linux-x86_64 1.8.0 26.00 92.36 118.36 NOTE
r-release-linux-x86_64 1.8.0 34.55 91.20 125.75 NOTE
r-release-macos-arm64 1.8.0 54.00 NOTE
r-release-windows-x86_64 1.8.0 33.00 112.00 145.00 NOTE
r-oldrel-macos-arm64 1.8.0 56.00 NOTE
r-oldrel-macos-x86_64 1.8.0 85.00 NOTE
r-oldrel-windows-x86_64 1.8.0 39.00 127.00 166.00 NOTE

Check Details

Version: 1.8.0
Check: C++ specification
Result: NOTE Specified C++11: please drop specification unless essential Flavors: r-devel-linux-x86_64-debian-clang, r-devel-linux-x86_64-debian-gcc, r-devel-linux-x86_64-fedora-clang, r-devel-linux-x86_64-fedora-gcc, r-devel-windows-x86_64, r-patched-linux-x86_64, r-release-linux-x86_64, r-release-macos-arm64, r-release-windows-x86_64, r-oldrel-macos-arm64, r-oldrel-macos-x86_64, r-oldrel-windows-x86_64