CRAN Package Check Results for Package dscore

Last updated on 2022-06-28 06:51:47 CEST.

Flavor Version Tinstall Tcheck Ttotal Status Flags
r-devel-linux-x86_64-debian-clang 1.4.0 33.88 79.08 112.96 WARN
r-devel-linux-x86_64-debian-gcc 1.4.0 27.70 59.19 86.89 OK
r-devel-linux-x86_64-fedora-clang 1.4.0 159.02 WARN
r-devel-linux-x86_64-fedora-gcc 1.4.0 158.80 OK
r-devel-windows-x86_64 1.4.0 43.00 131.00 174.00 OK
r-patched-linux-x86_64 1.4.0 32.03 74.59 106.62 OK
r-release-linux-x86_64 1.4.0 30.84 74.32 105.16 OK
r-release-macos-arm64 1.4.0 45.00 OK
r-release-macos-x86_64 1.4.0 81.00 OK
r-release-windows-x86_64 1.4.0 47.00 129.00 176.00 OK
r-oldrel-macos-arm64 1.4.0 56.00 OK
r-oldrel-macos-x86_64 1.4.0 73.00 OK
r-oldrel-windows-ix86+x86_64 1.4.0 87.00 137.00 224.00 OK

Additional issues

clang14

Check Details

Version: 1.4.0
Check: whether package can be installed
Result: WARN
    Found the following significant warnings:
     dscore.cpp:135:9: warning: use of bitwise '|' with boolean operands [-Wbitwise-instead-of-logical]
Flavors: r-devel-linux-x86_64-debian-clang, r-devel-linux-x86_64-fedora-clang